{"id":2625,"date":"2019-02-28T11:33:29","date_gmt":"2019-02-28T11:33:29","guid":{"rendered":"https:\/\/www.muzeubuzau.ro\/?post_type=event&amp;p=2625"},"modified":"2019-02-28T11:33:29","modified_gmt":"2019-02-28T11:33:29","slug":"zilele-femeii-la-muzeul-judetean-buzau-2","status":"publish","type":"event","link":"http:\/\/muzeubuzau.ro\/en\/events\/zilele-femeii-la-muzeul-judetean-buzau-2\/","title":{"rendered":"Zilele Femeii la Muzeul Jude\u021bean Buz\u0103u"},"content":{"rendered":"<h2 style=\"text-align: center;\"><strong>Comunicat de pres\u0103<\/strong><\/h2>\n<p>&nbsp;<\/p>\n<p>[dropcap type=&#8221;secondary&#8221;]Muzeul Jude\u021bean Buz\u0103u, institu\u021bie de cultur\u0103 \u0219i cercetare ce func\u021bioneaz\u0103 sub autoritatea Consiliului Jude\u021bean Buz\u0103u, cu sediul \u00een mun. Buz\u0103u, bd. <em>Nicolae B\u0103lcescu<\/em>, nr. 50, jud. Buz\u0103u, reprezentat legal de c\u0103tre dr. Daniel Costache, \u00een calitate de Manager, anun\u021b\u0103 implementarea seriei de activit\u0103\u021bi cultural-educative din cadrul programului <strong><em>Zilele Femeii la Muzeul Jude\u021bean Buz\u0103u<\/em><\/strong>, ed. a IV-a, \u00een perioada 05 \u2013 08 Martie 2019.[\/dropcap]<\/p>\n<p>Astfel, \u0219i \u00een acest an, institu\u021bia noastr\u0103 invit\u0103 publicul s\u0103 participe la clustere de dans sportiv, latino \u0219i de societate, vernisaje \u0219i concerte.<\/p>\n<p>Programul manifest\u0103rilor:<\/p>\n<p><strong><em>05 Martie 2019, ora 10.00<\/em><\/strong> \u2013 <em>Semne Tradi\u021bionale Cusute<\/em>, atelier me\u0219te\u0219ug\u0103resc organizat \u00een cadrul programului de sustenabilitate al proiectului <em>Ocolul lumii pe jos. Povestea celor 497 perechi de opinci<\/em>, finan\u021bat printr-un Grant oferit de Islanda, Liechtenstein \u0219i Norvegia.<\/p>\n<p>Loc de desf\u0103\u0219urare: sediul Muzeului Jude\u021bean Buz\u0103u \u2013 spa\u021biul expozi\u021bional dedicat globe trotter-ului Dumitru Dan;<\/p>\n<p><strong><em>05 Martie 2019, ora 16.00<\/em><\/strong> \u2013 Cluster de dans (tango argentinian) sus\u021binut de c\u0103tre Asocia\u021bia <em>Tango Mil Pasos<\/em> Buz\u0103u.<\/p>\n<p>Loc de desf\u0103\u0219urare: sediul Muzeului Jude\u021bean Buz\u0103u \u2013 sala Amfiteatru;<\/p>\n<p><strong><em>06 Martie 2019, ora 09.30<\/em><\/strong> \u2013 <em>Semne Tradi\u021bionale Cusute<\/em>, atelier me\u0219te\u0219ug\u0103resc organizat \u00een cadrul programului de sustenabilitate al proiectului <em>Ocolul lumii pe jos. Povestea celor 497 perechi de opinci<\/em>, finan\u021bat printr-un Grant oferit de Islanda, Liechtenstein \u0219i Norvegia.<\/p>\n<p>Loc de desf\u0103\u0219urare: sediul Muzeului Jude\u021bean Buz\u0103u \u2013 spa\u021biul expozi\u021bional dedicat globe trotter-ului Dumitru Dan;<\/p>\n<p><strong><em>06 Martie 2019, ora 16.00<\/em><\/strong> \u2013 Cluster de dans (dansuri de societate) sus\u021binut de c\u0103tre Asocia\u021bia <em>Happy Dance<\/em> Buz\u0103u. Loc de desf\u0103\u0219urare: sediul Muzeului Jude\u021bean Buz\u0103u \u2013 sala Amfiteatru;<\/p>\n<p><strong><em>07 Martie 2019, ora 18.30<\/em><\/strong> \u2013 Cluster de dans (dansuri sportive \u0219i de societate) sus\u021binut de c\u0103tre Asocia\u021bia <em>Club Sportiv Vibe Dance Studio<\/em> Buz\u0103u.<\/p>\n<p>Loc de desf\u0103\u0219urare: sediul Muzeului Jude\u021bean Buz\u0103u \u2013 sala Amfiteatru;<\/p>\n<p><strong><em>08 Martie 2019, ora 15.00<\/em><\/strong> \u2013 Vernisajul expozi\u021biei de art\u0103, tapiserie \u0219i pictur\u0103, <strong><em>Tr\u0103iri iconice<\/em><\/strong>, Cela Neam\u021bu, Costin Neam\u021bu.<\/p>\n<p>Loc de desf\u0103\u0219urare: sediul Colec\u021biei de Etnografie \u0219i Art\u0103 Popular\u0103 <em>Vergu M\u0103n\u0103il\u0103<\/em>, str. R\u0103zboieni, nr. 8, mun. Buz\u0103u; La vernisaj va concerta Orchestra Liceului de Arte <em>Margareta Sterian<\/em> Buz\u0103u, sub bagheta dirijorului prof. Florentin Boroghin\u0103.<\/p>\n<p>Accesul la toate aceste evenimente este gratuit.<\/p>\n<p>&nbsp;<\/p>\n<p style=\"text-align: center;\"><strong>Manager<\/strong><\/p>\n<p style=\"text-align: center;\"><strong>Dr. Daniel Costache<\/strong><\/p>\n","protected":false},"featured_media":2653,"template":"","meta":{"site-sidebar-layout":"default","site-content-layout":"","ast-site-content-layout":"","site-content-style":"default","site-sidebar-style":"default","ast-global-header-display":"","ast-banner-title-visibility":"","ast-main-header-display":"","ast-hfb-above-header-display":"","ast-hfb-below-header-display":"","ast-hfb-mobile-header-display":"","site-post-title":"","ast-breadcrumbs-content":"","ast-featured-img":"","footer-sml-layout":"","theme-transparent-header-meta":"","adv-header-id-meta":"","stick-header-meta":"","header-above-stick-meta":"","header-main-stick-meta":"","header-below-stick-meta":"","astra-migrate-meta-layouts":"default","ast-page-background-enabled":"default","ast-page-background-meta":{"desktop":{"background-color":"var(--ast-global-color-4)","background-image":"","background-repeat":"repeat","background-position":"center center","background-size":"auto","background-attachment":"scroll","background-type":"","background-media":"","overlay-type":"","overlay-color":"","overlay-opacity":"","overlay-gradient":""},"tablet":{"background-color":"","background-image":"","background-repeat":"repeat","background-position":"center center","background-size":"auto","background-attachment":"scroll","background-type":"","background-media":"","overlay-type":"","overlay-color":"","overlay-opacity":"","overlay-gradient":""},"mobile":{"background-color":"","background-image":"","background-repeat":"repeat","background-position":"center center","background-size":"auto","background-attachment":"scroll","background-type":"","background-media":"","overlay-type":"","overlay-color":"","overlay-opacity":"","overlay-gradient":""}},"ast-content-background-meta":{"desktop":{"background-color":"var(--ast-global-color-5)","background-image":"","background-repeat":"repeat","background-position":"center center","background-size":"auto","background-attachment":"scroll","background-type":"","background-media":"","overlay-type":"","overlay-color":"","overlay-opacity":"","overlay-gradient":""},"tablet":{"background-color":"var(--ast-global-color-5)","background-image":"","background-repeat":"repeat","background-position":"center center","background-size":"auto","background-attachment":"scroll","background-type":"","background-media":"","overlay-type":"","overlay-color":"","overlay-opacity":"","overlay-gradient":""},"mobile":{"background-color":"var(--ast-global-color-5)","background-image":"","background-repeat":"repeat","background-position":"center center","background-size":"auto","background-attachment":"scroll","background-type":"","background-media":"","overlay-type":"","overlay-color":"","overlay-opacity":"","overlay-gradient":""}}},"class_list":["post-2625","event","type-event","status-publish","has-post-thumbnail","hentry"],"_links":{"self":[{"href":"http:\/\/muzeubuzau.ro\/en\/wp-json\/wp\/v2\/event\/2625"}],"collection":[{"href":"http:\/\/muzeubuzau.ro\/en\/wp-json\/wp\/v2\/event"}],"about":[{"href":"http:\/\/muzeubuzau.ro\/en\/wp-json\/wp\/v2\/types\/event"}],"wp:featuredmedia":[{"embeddable":true,"href":"http:\/\/muzeubuzau.ro\/en\/wp-json\/wp\/v2\/media\/2653"}],"wp:attachment":[{"href":"http:\/\/muzeubuzau.ro\/en\/wp-json\/wp\/v2\/media?parent=2625"}],"curies":[{"name":"wp","href":"https:\/\/api.w.org\/{rel}","templated":true}]}}

Zilele Femeii la Muzeul Județean Buzău

<h2 style="text-align: center;"><strong>Comunicat de presă</strong></h2>
<p>&nbsp;</p>
<p>[dropcap type=&#8221;secondary&#8221;]Muzeul Județean Buzău, instituție de cultură și cercetare ce funcționează sub autoritatea Consiliului Județean Buzău, cu sediul în mun. Buzău, bd. <em>Nicolae Bălcescu</em>, nr. 50, jud. Buzău, reprezentat legal de către dr. Daniel Costache, în calitate de Manager, anunță implementarea seriei de activități cultural-educative din cadrul programului <strong><em>Zilele Femeii la Muzeul Județean Buzău</em></strong>, ed. a IV-a, în perioada 05 – 08 Martie 2019.[/dropcap]</p>
<p>Astfel, și în acest an, instituția noastră invită publicul să participe la clustere de dans sportiv, latino și de societate, vernisaje și concerte.</p>
<p>Programul manifestărilor:</p>
<p><strong><em>05 Martie 2019, ora 10.00</em></strong> – <em>Semne Tradiționale Cusute</em>, atelier meșteșugăresc organizat în cadrul programului de sustenabilitate al proiectului <em>Ocolul lumii pe jos. Povestea celor 497 perechi de opinci</em>, finanțat printr-un Grant oferit de Islanda, Liechtenstein și Norvegia.</p>
<p>Loc de desfășurare: sediul Muzeului Județean Buzău – spațiul expozițional dedicat globe trotter-ului Dumitru Dan;</p>
<p><strong><em>05 Martie 2019, ora 16.00</em></strong> – Cluster de dans (tango argentinian) susținut de către Asociația <em>Tango Mil Pasos</em> Buzău.</p>
<p>Loc de desfășurare: sediul Muzeului Județean Buzău – sala Amfiteatru;</p>
<p><strong><em>06 Martie 2019, ora 09.30</em></strong> – <em>Semne Tradiționale Cusute</em>, atelier meșteșugăresc organizat în cadrul programului de sustenabilitate al proiectului <em>Ocolul lumii pe jos. Povestea celor 497 perechi de opinci</em>, finanțat printr-un Grant oferit de Islanda, Liechtenstein și Norvegia.</p>
<p>Loc de desfășurare: sediul Muzeului Județean Buzău – spațiul expozițional dedicat globe trotter-ului Dumitru Dan;</p>
<p><strong><em>06 Martie 2019, ora 16.00</em></strong> – Cluster de dans (dansuri de societate) susținut de către Asociația <em>Happy Dance</em> Buzău. Loc de desfășurare: sediul Muzeului Județean Buzău – sala Amfiteatru;</p>
<p><strong><em>07 Martie 2019, ora 18.30</em></strong> – Cluster de dans (dansuri sportive și de societate) susținut de către Asociația <em>Club Sportiv Vibe Dance Studio</em> Buzău.</p>
<p>Loc de desfășurare: sediul Muzeului Județean Buzău – sala Amfiteatru;</p>
<p><strong><em>08 Martie 2019, ora 15.00</em></strong> – Vernisajul expoziției de artă, tapiserie și pictură, <strong><em>Trăiri iconice</em></strong>, Cela Neamțu, Costin Neamțu.</p>
<p>Loc de desfășurare: sediul Colecției de Etnografie și Artă Populară <em>Vergu Mănăilă</em>, str. Războieni, nr. 8, mun. Buzău; La vernisaj va concerta Orchestra Liceului de Arte <em>Margareta Sterian</em> Buzău, sub bagheta dirijorului prof. Florentin Boroghină.</p>
<p>Accesul la toate aceste evenimente este gratuit.</p>
<p>&nbsp;</p>
<p style="text-align: center;"><strong>Manager</strong></p>
<p style="text-align: center;"><strong>Dr. Daniel Costache</strong></p>
