{"id":4109,"date":"2021-03-01T08:22:54","date_gmt":"2021-03-01T08:22:54","guid":{"rendered":"https:\/\/www.muzeubuzau.ro\/?post_type=event&amp;p=4109"},"modified":"2021-03-01T08:22:54","modified_gmt":"2021-03-01T08:22:54","slug":"zilele-femeii-la-muzeul-judetean-buzau-editia-a-v-a","status":"publish","type":"event","link":"https:\/\/muzeubuzau.ro\/en\/events\/zilele-femeii-la-muzeul-judetean-buzau-editia-a-v-a\/","title":{"rendered":"Zilele Femeii la Muzeul Jude\u021bean Buz\u0103u &#8211; edi\u021bia a V-a"},"content":{"rendered":"<h3><\/h3>\n<h3 style=\"text-align: center;\"><strong>Comunicat de pres\u0103<\/strong><\/h3>\n<h1 style=\"text-align: center;\"><strong><em>Zilele Femeii la Muzeul Jude\u021bean Buz\u0103u<\/em><\/strong>, edi\u021bia a V-a<\/h1>\n<p>&nbsp;<\/p>\n<p>&nbsp;<\/p>\n<p>Muzeul Jude\u021bean Buz\u0103u, institu\u021bie de cultur\u0103 \u0219i cercetare ce func\u021bioneaz\u0103 sub autoritatea Consiliului Jude\u021bean Buz\u0103u, reprezentat\u0103 legal de c\u0103tre dr. Daniel Costache, \u00een calitate de Manager, anun\u021b\u0103 implementarea programului\u00a0<strong><em>Zilele Femeii la Muzeul Jude\u021bean Buz\u0103u<\/em><\/strong>, ajuns anul acesta la edi\u021bia a V-a.<\/p>\n<p>Activit\u0103\u021bile cultural-educative se vor desf\u0103\u0219ura \u00een perioada <strong>02 \u2013 07 martie 2021<\/strong>, la sediul central al institu\u021biei din Aleea Castanilor, nr 1, \u0219i la Muzeul de Etnografie \u201eVergu-M\u0103n\u0103il\u0103\u201d situat \u00een strada R\u0103zboieni, nr. 8.<\/p>\n<p>&nbsp;<\/p>\n<p>Programul manifest\u0103rilor:<\/p>\n<ul>\n<li><strong><em>02 martie 2021, ora 11.00<\/em><\/strong>\u00a0\u2013\u00a0deschiderea expozi\u021biei temporare<em> M\u0103r\u021bi\u0219oare \u0219i felicit\u0103ri din perioada comunist\u0103<\/em>, organizat\u0103 la sediul Muzeului Jude\u021bean Buz\u0103u; evenimentul va fi transmis pe pagina de Facebook a institu\u021biei, iar accesul publicului va fi permis \u00eencep\u00e2nd cu ora 12:00;<\/li>\n<li><strong><em>\u00a002 martie \u2013 07 martie 2021 <\/em><\/strong>\u2013 prelungirea Expozi\u021biei <em>Unexpected Dali<\/em>; primele 100 de doamne \u0219i domni\u0219oare, care trec pragul muzeului \u00een aceast\u0103 perioad\u0103, primesc cadou audioghidul expozi\u021biei;<\/li>\n<li>\u00a0<strong><em>02 martie \u2013 07 martie 2021 <\/em><\/strong>\u2013 intrare liber\u0103 pentru to\u021bi vizitatorii care doresc s\u0103 se bucure de expozi\u021bia temporar\u0103 <em>Furca de br\u00e2u, simbol al dragostei la rom\u00e2ni<\/em>, din cadrul\u00a0 Muzeului de Etnografie \u201eVergu-M\u0103n\u0103il\u0103\u201d.<\/li>\n<\/ul>\n<p>&nbsp;<\/p>\n<p>Accesul publicului este permis cu respectarea normelor sanitare \u00een vigoare.<\/p>\n<p>V\u0103 a\u0219tept\u0103m!<\/p>\n<p>&nbsp;<\/p>\n<p>&nbsp;<\/p>\n<h4 style=\"text-align: center;\"><strong>Manager<\/strong><\/h4>\n<h4 style=\"text-align: center;\"><strong>Dr. Daniel Costache<\/strong><\/h4>\n","protected":false},"featured_media":4110,"template":"","meta":{"site-sidebar-layout":"default","site-content-layout":"","ast-site-content-layout":"","site-content-style":"default","site-sidebar-style":"default","ast-global-header-display":"","ast-banner-title-visibility":"","ast-main-header-display":"","ast-hfb-above-header-display":"","ast-hfb-below-header-display":"","ast-hfb-mobile-header-display":"","site-post-title":"","ast-breadcrumbs-content":"","ast-featured-img":"","footer-sml-layout":"","theme-transparent-header-meta":"","adv-header-id-meta":"","stick-header-meta":"","header-above-stick-meta":"","header-main-stick-meta":"","header-below-stick-meta":"","astra-migrate-meta-layouts":"default","ast-page-background-enabled":"default","ast-page-background-meta":{"desktop":{"background-color":"var(--ast-global-color-4)","background-image":"","background-repeat":"repeat","background-position":"center center","background-size":"auto","background-attachment":"scroll","background-type":"","background-media":"","overlay-type":"","overlay-color":"","overlay-opacity":"","overlay-gradient":""},"tablet":{"background-color":"","background-image":"","background-repeat":"repeat","background-position":"center center","background-size":"auto","background-attachment":"scroll","background-type":"","background-media":"","overlay-type":"","overlay-color":"","overlay-opacity":"","overlay-gradient":""},"mobile":{"background-color":"","background-image":"","background-repeat":"repeat","background-position":"center center","background-size":"auto","background-attachment":"scroll","background-type":"","background-media":"","overlay-type":"","overlay-color":"","overlay-opacity":"","overlay-gradient":""}},"ast-content-background-meta":{"desktop":{"background-color":"var(--ast-global-color-5)","background-image":"","background-repeat":"repeat","background-position":"center center","background-size":"auto","background-attachment":"scroll","background-type":"","background-media":"","overlay-type":"","overlay-color":"","overlay-opacity":"","overlay-gradient":""},"tablet":{"background-color":"var(--ast-global-color-5)","background-image":"","background-repeat":"repeat","background-position":"center center","background-size":"auto","background-attachment":"scroll","background-type":"","background-media":"","overlay-type":"","overlay-color":"","overlay-opacity":"","overlay-gradient":""},"mobile":{"background-color":"var(--ast-global-color-5)","background-image":"","background-repeat":"repeat","background-position":"center center","background-size":"auto","background-attachment":"scroll","background-type":"","background-media":"","overlay-type":"","overlay-color":"","overlay-opacity":"","overlay-gradient":""}}},"class_list":["post-4109","event","type-event","status-publish","has-post-thumbnail","hentry"],"_links":{"self":[{"href":"https:\/\/muzeubuzau.ro\/en\/wp-json\/wp\/v2\/event\/4109"}],"collection":[{"href":"https:\/\/muzeubuzau.ro\/en\/wp-json\/wp\/v2\/event"}],"about":[{"href":"https:\/\/muzeubuzau.ro\/en\/wp-json\/wp\/v2\/types\/event"}],"wp:featuredmedia":[{"embeddable":true,"href":"https:\/\/muzeubuzau.ro\/en\/wp-json\/wp\/v2\/media\/4110"}],"wp:attachment":[{"href":"https:\/\/muzeubuzau.ro\/en\/wp-json\/wp\/v2\/media?parent=4109"}],"curies":[{"name":"wp","href":"https:\/\/api.w.org\/{rel}","templated":true}]}}

Zilele Femeii la Muzeul Județean Buzău &#8211; ediția a V-a

<h3></h3>
<h3 style="text-align: center;"><strong>Comunicat de presă</strong></h3>
<h1 style="text-align: center;"><strong><em>Zilele Femeii la Muzeul Județean Buzău</em></strong>, ediția a V-a</h1>
<p>&nbsp;</p>
<p>&nbsp;</p>
<p>Muzeul Județean Buzău, instituție de cultură și cercetare ce funcționează sub autoritatea Consiliului Județean Buzău, reprezentată legal de către dr. Daniel Costache, în calitate de Manager, anunță implementarea programului <strong><em>Zilele Femeii la Muzeul Județean Buzău</em></strong>, ajuns anul acesta la ediția a V-a.</p>
<p>Activitățile cultural-educative se vor desfășura în perioada <strong>02 – 07 martie 2021</strong>, la sediul central al instituției din Aleea Castanilor, nr 1, și la Muzeul de Etnografie „Vergu-Mănăilă” situat în strada Războieni, nr. 8.</p>
<p>&nbsp;</p>
<p>Programul manifestărilor:</p>
<ul>
<li><strong><em>02 martie 2021, ora 11.00</em></strong> – deschiderea expoziției temporare<em> Mărțișoare și felicitări din perioada comunistă</em>, organizată la sediul Muzeului Județean Buzău; evenimentul va fi transmis pe pagina de Facebook a instituției, iar accesul publicului va fi permis începând cu ora 12:00;</li>
<li><strong><em> 02 martie – 07 martie 2021 </em></strong>– prelungirea Expoziției <em>Unexpected Dali</em>; primele 100 de doamne și domnișoare, care trec pragul muzeului în această perioadă, primesc cadou audioghidul expoziției;</li>
<li> <strong><em>02 martie – 07 martie 2021 </em></strong>– intrare liberă pentru toți vizitatorii care doresc să se bucure de expoziția temporară <em>Furca de brâu, simbol al dragostei la români</em>, din cadrul  Muzeului de Etnografie „Vergu-Mănăilă”.</li>
</ul>
<p>&nbsp;</p>
<p>Accesul publicului este permis cu respectarea normelor sanitare în vigoare.</p>
<p>Vă așteptăm!</p>
<p>&nbsp;</p>
<p>&nbsp;</p>
<h4 style="text-align: center;"><strong>Manager</strong></h4>
<h4 style="text-align: center;"><strong>Dr. Daniel Costache</strong></h4>
