{"id":4276,"date":"2021-05-18T15:56:23","date_gmt":"2021-05-18T15:56:23","guid":{"rendered":"https:\/\/www.muzeubuzau.ro\/?post_type=event&amp;p=4276"},"modified":"2021-05-18T15:56:23","modified_gmt":"2021-05-18T15:56:23","slug":"targu-ofertelor-educationale-ale-universitatilor-de-stat-din-romania-ed-a-ii-a-cariera-ta-incepe-aici","status":"publish","type":"event","link":"https:\/\/muzeubuzau.ro\/en\/events\/targu-ofertelor-educationale-ale-universitatilor-de-stat-din-romania-ed-a-ii-a-cariera-ta-incepe-aici\/","title":{"rendered":"T\u00e2rgul Ofertelor Educa\u021bionale ale Universit\u0103\u021bilor de Stat din Rom\u00e2nia, ed. a II-a &#8211; Cariera ta \u00eencepe aici"},"content":{"rendered":"<h3><\/h3>\n<h3 style=\"text-align: center;\"><strong>Comunicat de pres\u0103<\/strong><\/h3>\n<p>&nbsp;<\/p>\n<p><strong>Muzeul Jude\u021bean Buz\u0103u<\/strong>, institu\u021bie de cultur\u0103 \u0219i cercetare ce func\u021bioneaz\u0103 sub autoritatea <strong>Consiliului Jude\u021bean Buz\u0103u<\/strong>, cu sediul \u00een mun. Buz\u0103u, Aleea\u00a0<em>Castanilor<\/em>, nr. 1, jud. Buz\u0103u, anun\u021b\u0103 organizarea T\u00e2rgului Ofertelor Educa\u021bionale ale Universit\u0103\u021bilor de Stat din Rom\u00e2nia, ed. a II-a, <strong><em>Cariera ta \u00eencepe aici<\/em><\/strong> \u00een perioada 21-23 mai 2021.<\/p>\n<p>&nbsp;<\/p>\n<p>Unele dintre cele mai cunoscute Universit\u0103\u021bi de Stat din Rom\u00e2nia \u00ee\u0219i vor prezenta oferta educa\u021bional\u0103 pentru anul universitar 2021\/2022. Elevii buzoieni au ocazia de a discuta cu reprezentan\u021bi ai institu\u021biilor de \u00eenv\u0103\u021b\u0103m\u00e2nt superior despre subiecte ce privesc alegerea unei cariere precum \u0219i oportunit\u0103\u021bile oferite de ramura de studii aleas\u0103.<\/p>\n<p>Acest proiect, implementat de <strong>Muzeul Jude\u021bean Buz\u0103u<\/strong>, \u00een parteneriat cu <strong>Inspectoratul \u0218colar Jude\u021bean Buz\u0103u<\/strong>, sub egida <strong>Consiliului Jude\u021bean Buz\u0103u<\/strong>, se \u00eenscrie \u00een seria activit\u0103\u021bilor cu ampl\u0103 implicare social\u0103 \u0219i educativ\u0103 desf\u0103\u0219urate de c\u0103tre institu\u021bia noastr\u0103.<\/p>\n<p>Invit\u0103m elevii, cadrele didactice precum \u0219i p\u0103rin\u021bii s\u0103 participe la acest eveniment de marc\u0103. Intrarea este liber\u0103.<\/p>\n<p><strong>Program<\/strong>:<\/p>\n<p><u>21 Mai 2021<\/u>\u00a0\/ sediul Muzeului Jude\u021bean Buz\u0103u<\/p>\n<ul>\n<li><strong>ora 12.00<\/strong> \u2013 deschiderea T\u00e2rgului de Oferte Educa\u021bionale a Universit\u0103\u021bilor de Stat din Rom\u00e2nia, Buz\u0103u 2021;<\/li>\n<li><strong>orele 12.30<\/strong> \u2013 17.00 prezent\u0103rile la stand;<\/li>\n<\/ul>\n<p><u>22 Mai 2021<\/u>\u00a0\u00a0\/ sediul Muzeului Jude\u021bean Buz\u0103u<\/p>\n<ul>\n<li><strong>orele 10.00<\/strong> \u2013 17.00 prezent\u0103rile la stand;<\/li>\n<\/ul>\n<p><u>23 Mai 2021<\/u> \/ sediul Muzeului Jude\u021bean Buz\u0103u<\/p>\n<ul>\n<li><strong>orele 10.00 \u2013 13.00<\/strong> prezent\u0103ri la stand;<\/li>\n<\/ul>\n<p>Intrarea este liber\u0103, iar accesul este permis cu respectarea normelor sanitare actuale!<\/p>\n<h4 style=\"text-align: center;\"><strong>Manager<\/strong><\/h4>\n<h4 style=\"text-align: center;\"><strong>Dr. Daniel Costache<\/strong><\/h4>\n","protected":false},"featured_media":4277,"template":"","meta":{"site-sidebar-layout":"default","site-content-layout":"","ast-site-content-layout":"","site-content-style":"default","site-sidebar-style":"default","ast-global-header-display":"","ast-banner-title-visibility":"","ast-main-header-display":"","ast-hfb-above-header-display":"","ast-hfb-below-header-display":"","ast-hfb-mobile-header-display":"","site-post-title":"","ast-breadcrumbs-content":"","ast-featured-img":"","footer-sml-layout":"","theme-transparent-header-meta":"","adv-header-id-meta":"","stick-header-meta":"","header-above-stick-meta":"","header-main-stick-meta":"","header-below-stick-meta":"","astra-migrate-meta-layouts":"default","ast-page-background-enabled":"default","ast-page-background-meta":{"desktop":{"background-color":"var(--ast-global-color-4)","background-image":"","background-repeat":"repeat","background-position":"center center","background-size":"auto","background-attachment":"scroll","background-type":"","background-media":"","overlay-type":"","overlay-color":"","overlay-opacity":"","overlay-gradient":""},"tablet":{"background-color":"","background-image":"","background-repeat":"repeat","background-position":"center center","background-size":"auto","background-attachment":"scroll","background-type":"","background-media":"","overlay-type":"","overlay-color":"","overlay-opacity":"","overlay-gradient":""},"mobile":{"background-color":"","background-image":"","background-repeat":"repeat","background-position":"center center","background-size":"auto","background-attachment":"scroll","background-type":"","background-media":"","overlay-type":"","overlay-color":"","overlay-opacity":"","overlay-gradient":""}},"ast-content-background-meta":{"desktop":{"background-color":"var(--ast-global-color-5)","background-image":"","background-repeat":"repeat","background-position":"center center","background-size":"auto","background-attachment":"scroll","background-type":"","background-media":"","overlay-type":"","overlay-color":"","overlay-opacity":"","overlay-gradient":""},"tablet":{"background-color":"var(--ast-global-color-5)","background-image":"","background-repeat":"repeat","background-position":"center center","background-size":"auto","background-attachment":"scroll","background-type":"","background-media":"","overlay-type":"","overlay-color":"","overlay-opacity":"","overlay-gradient":""},"mobile":{"background-color":"var(--ast-global-color-5)","background-image":"","background-repeat":"repeat","background-position":"center center","background-size":"auto","background-attachment":"scroll","background-type":"","background-media":"","overlay-type":"","overlay-color":"","overlay-opacity":"","overlay-gradient":""}}},"class_list":["post-4276","event","type-event","status-publish","has-post-thumbnail","hentry"],"_links":{"self":[{"href":"https:\/\/muzeubuzau.ro\/en\/wp-json\/wp\/v2\/event\/4276"}],"collection":[{"href":"https:\/\/muzeubuzau.ro\/en\/wp-json\/wp\/v2\/event"}],"about":[{"href":"https:\/\/muzeubuzau.ro\/en\/wp-json\/wp\/v2\/types\/event"}],"wp:featuredmedia":[{"embeddable":true,"href":"https:\/\/muzeubuzau.ro\/en\/wp-json\/wp\/v2\/media\/4277"}],"wp:attachment":[{"href":"https:\/\/muzeubuzau.ro\/en\/wp-json\/wp\/v2\/media?parent=4276"}],"curies":[{"name":"wp","href":"https:\/\/api.w.org\/{rel}","templated":true}]}}

Târgul Ofertelor Educaționale ale Universităților de Stat din România, ed. a II-a &#8211; Cariera ta începe aici

<h3></h3>
<h3 style="text-align: center;"><strong>Comunicat de presă</strong></h3>
<p>&nbsp;</p>
<p><strong>Muzeul Județean Buzău</strong>, instituție de cultură și cercetare ce funcționează sub autoritatea <strong>Consiliului Județean Buzău</strong>, cu sediul în mun. Buzău, Aleea <em>Castanilor</em>, nr. 1, jud. Buzău, anunță organizarea Târgului Ofertelor Educaționale ale Universităților de Stat din România, ed. a II-a, <strong><em>Cariera ta începe aici</em></strong> în perioada 21-23 mai 2021.</p>
<p>&nbsp;</p>
<p>Unele dintre cele mai cunoscute Universități de Stat din România își vor prezenta oferta educațională pentru anul universitar 2021/2022. Elevii buzoieni au ocazia de a discuta cu reprezentanți ai instituțiilor de învățământ superior despre subiecte ce privesc alegerea unei cariere precum și oportunitățile oferite de ramura de studii aleasă.</p>
<p>Acest proiect, implementat de <strong>Muzeul Județean Buzău</strong>, în parteneriat cu <strong>Inspectoratul Școlar Județean Buzău</strong>, sub egida <strong>Consiliului Județean Buzău</strong>, se înscrie în seria activităților cu amplă implicare socială și educativă desfășurate de către instituția noastră.</p>
<p>Invităm elevii, cadrele didactice precum și părinții să participe la acest eveniment de marcă. Intrarea este liberă.</p>
<p><strong>Program</strong>:</p>
<p><u>21 Mai 2021</u> / sediul Muzeului Județean Buzău</p>
<ul>
<li><strong>ora 12.00</strong> – deschiderea Târgului de Oferte Educaționale a Universităților de Stat din România, Buzău 2021;</li>
<li><strong>orele 12.30</strong> – 17.00 prezentările la stand;</li>
</ul>
<p><u>22 Mai 2021</u>  / sediul Muzeului Județean Buzău</p>
<ul>
<li><strong>orele 10.00</strong> – 17.00 prezentările la stand;</li>
</ul>
<p><u>23 Mai 2021</u> / sediul Muzeului Județean Buzău</p>
<ul>
<li><strong>orele 10.00 – 13.00</strong> prezentări la stand;</li>
</ul>
<p>Intrarea este liberă, iar accesul este permis cu respectarea normelor sanitare actuale!</p>
<h4 style="text-align: center;"><strong>Manager</strong></h4>
<h4 style="text-align: center;"><strong>Dr. Daniel Costache</strong></h4>
