{"id":4455,"date":"2021-07-23T15:08:42","date_gmt":"2021-07-23T15:08:42","guid":{"rendered":"https:\/\/www.muzeubuzau.ro\/?post_type=event&amp;p=4455"},"modified":"2021-07-23T15:08:42","modified_gmt":"2021-07-23T15:08:42","slug":"4455","status":"publish","type":"event","link":"https:\/\/muzeubuzau.ro\/en\/events\/4455\/","title":{"rendered":"Expozi\u021bie de pictur\u0103 \u201eM\u00e9lange\u201d"},"content":{"rendered":"<div id=\"pl-4455\"  class=\"panel-layout\" >\n<div id=\"pg-4455-0\"  class=\"panel-grid panel-no-style\"  data-style=\"{&quot;background_image_attachment&quot;:false,&quot;background_display&quot;:&quot;tile&quot;,&quot;cell_alignment&quot;:&quot;flex-start&quot;}\"  data-ratio=\"1\"  data-ratio-direction=\"right\" >\n<div id=\"pgc-4455-0-0\"  class=\"panel-grid-cell\"  data-weight=\"1\" >\n<div id=\"panel-4455-0-0-0\" class=\"so-panel widget widget_sow-editor panel-first-child panel-last-child\" data-index=\"0\" data-style=\"{&quot;background_image_attachment&quot;:false,&quot;background_display&quot;:&quot;tile&quot;}\" >\n<div class=\"so-widget-sow-editor so-widget-sow-editor-base\">\n<div class=\"siteorigin-widget-tinymce textwidget\">\n<p><span style=\"font-weight: 400;\"><strong>Muzeul Jude\u021bean Buz\u0103u<\/strong>, institu\u021bie de cultur\u0103, art\u0103 \u0219i cercetare, ce func\u021bioneaz\u0103 sub autoritatea Consiliului Jude\u021bean Buz\u0103u, g\u0103zduie\u0219te, \u00een perioada <strong>3 august &#8211; 3 septembrie 2021<\/strong>, <strong>expozi\u021bia de pictur\u0103 \u201eM\u00e9lange\u201d<\/strong>, cu o coloristic\u0103 rafinat\u0103, o lec\u021bie de compozi\u021bie \u0219i cromatologie pe care orice consumator de art\u0103 ar considera-o un deliciu.<\/span><\/p>\n<p><span style=\"font-weight: 400;\">Lucr\u0103rile din cadrul expozi\u021biei apar\u021bin <strong>Mihaelei Constantin<\/strong>, artist\u0103 cu activitate bogat\u0103 \u00een domeniu, prin premiile ob\u021binute \u0219i expozi\u021biile la care a participat.<\/span><\/p>\n<p><span style=\"font-weight: 400;\">Deschiderea expozi\u021biei va avea loc <strong>mar\u021bi, 3 august, \u00eencep\u00e2nd cu ora 16:00<\/strong>, la sediul Muzeului Jude\u021bean Buz\u0103u; intrarea este liber\u0103, la vernisaj, iar accesul publicului este permis cu respectarea normelor sanitare \u00een vigoare.<\/span><\/p>\n<p><span style=\"font-weight: 400;\">Expozi\u021bia \u201eM\u00e9lange\u201d poate fi vizitat\u0103 de <strong>mar\u021bi p\u00e2n\u0103 duminic\u0103, \u00een intervalul orar 10:00 \u2013 18:00<\/strong>.<\/span><\/p>\n<p><span style=\"font-weight: 400;\">V\u0103 a\u0219tept\u0103m la muzeu!<\/span><\/p>\n<p>&nbsp;<\/p>\n<h2 style=\"text-align: center;\"><span style=\"font-weight: 400;\">Manager<\/span><\/h2>\n<h2 style=\"text-align: center;\"><span style=\"font-weight: 400;\">Dr. Daniel Costache<\/span><\/h2>\n<\/div>\n<\/div>\n<\/div>\n<\/div>\n<\/div>\n<\/div>\n","protected":false},"featured_media":4456,"template":"","meta":{"site-sidebar-layout":"default","site-content-layout":"","ast-site-content-layout":"","site-content-style":"default","site-sidebar-style":"default","ast-global-header-display":"","ast-banner-title-visibility":"","ast-main-header-display":"","ast-hfb-above-header-display":"","ast-hfb-below-header-display":"","ast-hfb-mobile-header-display":"","site-post-title":"","ast-breadcrumbs-content":"","ast-featured-img":"","footer-sml-layout":"","theme-transparent-header-meta":"","adv-header-id-meta":"","stick-header-meta":"","header-above-stick-meta":"","header-main-stick-meta":"","header-below-stick-meta":"","astra-migrate-meta-layouts":"default","ast-page-background-enabled":"default","ast-page-background-meta":{"desktop":{"background-color":"var(--ast-global-color-4)","background-image":"","background-repeat":"repeat","background-position":"center center","background-size":"auto","background-attachment":"scroll","background-type":"","background-media":"","overlay-type":"","overlay-color":"","overlay-opacity":"","overlay-gradient":""},"tablet":{"background-color":"","background-image":"","background-repeat":"repeat","background-position":"center center","background-size":"auto","background-attachment":"scroll","background-type":"","background-media":"","overlay-type":"","overlay-color":"","overlay-opacity":"","overlay-gradient":""},"mobile":{"background-color":"","background-image":"","background-repeat":"repeat","background-position":"center center","background-size":"auto","background-attachment":"scroll","background-type":"","background-media":"","overlay-type":"","overlay-color":"","overlay-opacity":"","overlay-gradient":""}},"ast-content-background-meta":{"desktop":{"background-color":"var(--ast-global-color-5)","background-image":"","background-repeat":"repeat","background-position":"center center","background-size":"auto","background-attachment":"scroll","background-type":"","background-media":"","overlay-type":"","overlay-color":"","overlay-opacity":"","overlay-gradient":""},"tablet":{"background-color":"var(--ast-global-color-5)","background-image":"","background-repeat":"repeat","background-position":"center center","background-size":"auto","background-attachment":"scroll","background-type":"","background-media":"","overlay-type":"","overlay-color":"","overlay-opacity":"","overlay-gradient":""},"mobile":{"background-color":"var(--ast-global-color-5)","background-image":"","background-repeat":"repeat","background-position":"center center","background-size":"auto","background-attachment":"scroll","background-type":"","background-media":"","overlay-type":"","overlay-color":"","overlay-opacity":"","overlay-gradient":""}}},"class_list":["post-4455","event","type-event","status-publish","has-post-thumbnail","hentry"],"_links":{"self":[{"href":"https:\/\/muzeubuzau.ro\/en\/wp-json\/wp\/v2\/event\/4455"}],"collection":[{"href":"https:\/\/muzeubuzau.ro\/en\/wp-json\/wp\/v2\/event"}],"about":[{"href":"https:\/\/muzeubuzau.ro\/en\/wp-json\/wp\/v2\/types\/event"}],"wp:featuredmedia":[{"embeddable":true,"href":"https:\/\/muzeubuzau.ro\/en\/wp-json\/wp\/v2\/media\/4456"}],"wp:attachment":[{"href":"https:\/\/muzeubuzau.ro\/en\/wp-json\/wp\/v2\/media?parent=4455"}],"curies":[{"name":"wp","href":"https:\/\/api.w.org\/{rel}","templated":true}]}}

Expoziție de pictură „Mélange”

<div id="pl-4455"  class="panel-layout" >
<div id="pg-4455-0"  class="panel-grid panel-no-style"  data-style="{&quot;background_image_attachment&quot;:false,&quot;background_display&quot;:&quot;tile&quot;,&quot;cell_alignment&quot;:&quot;flex-start&quot;}"  data-ratio="1"  data-ratio-direction="right" >
<div id="pgc-4455-0-0"  class="panel-grid-cell"  data-weight="1" >
<div id="panel-4455-0-0-0" class="so-panel widget widget_sow-editor panel-first-child panel-last-child" data-index="0" data-style="{&quot;background_image_attachment&quot;:false,&quot;background_display&quot;:&quot;tile&quot;}" >
<div class="so-widget-sow-editor so-widget-sow-editor-base">
<div class="siteorigin-widget-tinymce textwidget">
<p><span style="font-weight: 400;"><strong>Muzeul Județean Buzău</strong>, instituție de cultură, artă și cercetare, ce funcționează sub autoritatea Consiliului Județean Buzău, găzduiește, în perioada <strong>3 august &#8211; 3 septembrie 2021</strong>, <strong>expoziția de pictură „Mélange”</strong>, cu o coloristică rafinată, o lecție de compoziție și cromatologie pe care orice consumator de artă ar considera-o un deliciu.</span></p>
<p><span style="font-weight: 400;">Lucrările din cadrul expoziției aparțin <strong>Mihaelei Constantin</strong>, artistă cu activitate bogată în domeniu, prin premiile obținute și expozițiile la care a participat.</span></p>
<p><span style="font-weight: 400;">Deschiderea expoziției va avea loc <strong>marți, 3 august, începând cu ora 16:00</strong>, la sediul Muzeului Județean Buzău; intrarea este liberă, la vernisaj, iar accesul publicului este permis cu respectarea normelor sanitare în vigoare.</span></p>
<p><span style="font-weight: 400;">Expoziția „Mélange” poate fi vizitată de <strong>marți până duminică, în intervalul orar 10:00 – 18:00</strong>.</span></p>
<p><span style="font-weight: 400;">Vă așteptăm la muzeu!</span></p>
<p>&nbsp;</p>
<h2 style="text-align: center;"><span style="font-weight: 400;">Manager</span></h2>
<h2 style="text-align: center;"><span style="font-weight: 400;">Dr. Daniel Costache</span></h2>
</div>
</div>
</div>
</div>
</div>
</div>
