{"id":4515,"date":"2021-08-26T09:48:07","date_gmt":"2021-08-26T09:48:07","guid":{"rendered":"https:\/\/www.muzeubuzau.ro\/?post_type=event&amp;p=4515"},"modified":"2021-08-26T09:48:07","modified_gmt":"2021-08-26T09:48:07","slug":"festivalul-poezia-in-iarba-editia-a-8-a","status":"publish","type":"event","link":"https:\/\/muzeubuzau.ro\/en\/events\/festivalul-poezia-in-iarba-editia-a-8-a\/","title":{"rendered":"Festivalul &#8222;Poezia \u00een iarb\u0103&#8221;, edi\u021bia a 8-a"},"content":{"rendered":"<div id=\"pl-4515\"  class=\"panel-layout\" >\n<div id=\"pg-4515-0\"  class=\"panel-grid panel-no-style\"  data-ratio=\"1\"  data-ratio-direction=\"right\" >\n<div id=\"pgc-4515-0-0\"  class=\"panel-grid-cell\"  data-weight=\"1\" >\n<div id=\"panel-4515-0-0-0\" class=\"so-panel widget widget_sow-editor panel-first-child panel-last-child\" data-index=\"0\" data-style=\"{&quot;background_image_attachment&quot;:false,&quot;background_display&quot;:&quot;tile&quot;}\" >\n<div class=\"so-widget-sow-editor so-widget-sow-editor-base\">\n<div class=\"siteorigin-widget-tinymce textwidget\">\n<p><strong>Muzeul Jude\u021bean Buz\u0103u<\/strong>, institu\u021bie de cultur\u0103, art\u0103 \u0219i cercetare, ce func\u021bioneaz\u0103 sub autoritatea Consiliului Jude\u021bean Buz\u0103u, g\u0103zduie\u0219te, \u00een perioada <strong>28.08.2021 &#8211; 29.08.2021, &#8222;Poezia \u00een iarb\u0103&#8221;<\/strong>, festival nomad de poezie, organizat de <strong>Cenaclul literar Zidul de H\u00e2rtie \u0219i Casa de Poezie Light of ink<\/strong>, \u00een cadrul c\u0103ruia vor citi din crea\u021biile personale zece poe\u021bi din Suceava, Ia\u0219i, Buz\u0103u \u0219i Bucure\u0219ti.<\/p>\n<p>&nbsp;<\/p>\n<p>Lecturile de poezie vor avea loc, dup\u0103 cum urmeaz\u0103:<\/p>\n<ul>\n<li><strong>s\u00e2mb\u0103t\u0103, 28 august 2021, ora 12.00<\/strong>, la <strong>Muzeul Chihlimbarului<\/strong>; ora 18.00, la Aluni\u0219 Art Center;<\/li>\n<li><strong>duminic\u0103, 29 august 2021, ora 12.00<\/strong>, la <strong>Tab\u0103ra de Sculptur\u0103 M\u0103gura<\/strong>.<\/li>\n<\/ul>\n<p>&nbsp;<\/p>\n<p>Intrarea este liber\u0103, \u00eens\u0103 accesul va fi permis cu respectarea normelor sanitare actuale!<\/p>\n<p>V\u0103 a\u0219tept\u0103m!<\/p>\n<p>&nbsp;<\/p>\n<h4 style=\"text-align: center;\">Manager<\/h4>\n<h4 style=\"text-align: center;\">Dr. Daniel Costache<\/h4>\n<\/div>\n<\/div>\n<\/div>\n<\/div>\n<\/div>\n<\/div>\n","protected":false},"featured_media":4516,"template":"","meta":{"site-sidebar-layout":"default","site-content-layout":"","ast-site-content-layout":"","site-content-style":"default","site-sidebar-style":"default","ast-global-header-display":"","ast-banner-title-visibility":"","ast-main-header-display":"","ast-hfb-above-header-display":"","ast-hfb-below-header-display":"","ast-hfb-mobile-header-display":"","site-post-title":"","ast-breadcrumbs-content":"","ast-featured-img":"","footer-sml-layout":"","theme-transparent-header-meta":"","adv-header-id-meta":"","stick-header-meta":"","header-above-stick-meta":"","header-main-stick-meta":"","header-below-stick-meta":"","astra-migrate-meta-layouts":"default","ast-page-background-enabled":"default","ast-page-background-meta":{"desktop":{"background-color":"var(--ast-global-color-4)","background-image":"","background-repeat":"repeat","background-position":"center center","background-size":"auto","background-attachment":"scroll","background-type":"","background-media":"","overlay-type":"","overlay-color":"","overlay-opacity":"","overlay-gradient":""},"tablet":{"background-color":"","background-image":"","background-repeat":"repeat","background-position":"center center","background-size":"auto","background-attachment":"scroll","background-type":"","background-media":"","overlay-type":"","overlay-color":"","overlay-opacity":"","overlay-gradient":""},"mobile":{"background-color":"","background-image":"","background-repeat":"repeat","background-position":"center center","background-size":"auto","background-attachment":"scroll","background-type":"","background-media":"","overlay-type":"","overlay-color":"","overlay-opacity":"","overlay-gradient":""}},"ast-content-background-meta":{"desktop":{"background-color":"var(--ast-global-color-5)","background-image":"","background-repeat":"repeat","background-position":"center center","background-size":"auto","background-attachment":"scroll","background-type":"","background-media":"","overlay-type":"","overlay-color":"","overlay-opacity":"","overlay-gradient":""},"tablet":{"background-color":"var(--ast-global-color-5)","background-image":"","background-repeat":"repeat","background-position":"center center","background-size":"auto","background-attachment":"scroll","background-type":"","background-media":"","overlay-type":"","overlay-color":"","overlay-opacity":"","overlay-gradient":""},"mobile":{"background-color":"var(--ast-global-color-5)","background-image":"","background-repeat":"repeat","background-position":"center center","background-size":"auto","background-attachment":"scroll","background-type":"","background-media":"","overlay-type":"","overlay-color":"","overlay-opacity":"","overlay-gradient":""}}},"class_list":["post-4515","event","type-event","status-publish","has-post-thumbnail","hentry"],"_links":{"self":[{"href":"https:\/\/muzeubuzau.ro\/en\/wp-json\/wp\/v2\/event\/4515"}],"collection":[{"href":"https:\/\/muzeubuzau.ro\/en\/wp-json\/wp\/v2\/event"}],"about":[{"href":"https:\/\/muzeubuzau.ro\/en\/wp-json\/wp\/v2\/types\/event"}],"wp:featuredmedia":[{"embeddable":true,"href":"https:\/\/muzeubuzau.ro\/en\/wp-json\/wp\/v2\/media\/4516"}],"wp:attachment":[{"href":"https:\/\/muzeubuzau.ro\/en\/wp-json\/wp\/v2\/media?parent=4515"}],"curies":[{"name":"wp","href":"https:\/\/api.w.org\/{rel}","templated":true}]}}

Festivalul &#8222;Poezia în iarbă&#8221;, ediția a 8-a

<div id="pl-4515"  class="panel-layout" >
<div id="pg-4515-0"  class="panel-grid panel-no-style"  data-ratio="1"  data-ratio-direction="right" >
<div id="pgc-4515-0-0"  class="panel-grid-cell"  data-weight="1" >
<div id="panel-4515-0-0-0" class="so-panel widget widget_sow-editor panel-first-child panel-last-child" data-index="0" data-style="{&quot;background_image_attachment&quot;:false,&quot;background_display&quot;:&quot;tile&quot;}" >
<div class="so-widget-sow-editor so-widget-sow-editor-base">
<div class="siteorigin-widget-tinymce textwidget">
<p><strong>Muzeul Județean Buzău</strong>, instituție de cultură, artă și cercetare, ce funcționează sub autoritatea Consiliului Județean Buzău, găzduiește, în perioada <strong>28.08.2021 &#8211; 29.08.2021, &#8222;Poezia în iarbă&#8221;</strong>, festival nomad de poezie, organizat de <strong>Cenaclul literar Zidul de Hârtie și Casa de Poezie Light of ink</strong>, în cadrul căruia vor citi din creațiile personale zece poeți din Suceava, Iași, Buzău și București.</p>
<p>&nbsp;</p>
<p>Lecturile de poezie vor avea loc, după cum urmează:</p>
<ul>
<li><strong>sâmbătă, 28 august 2021, ora 12.00</strong>, la <strong>Muzeul Chihlimbarului</strong>; ora 18.00, la Aluniș Art Center;</li>
<li><strong>duminică, 29 august 2021, ora 12.00</strong>, la <strong>Tabăra de Sculptură Măgura</strong>.</li>
</ul>
<p>&nbsp;</p>
<p>Intrarea este liberă, însă accesul va fi permis cu respectarea normelor sanitare actuale!</p>
<p>Vă așteptăm!</p>
<p>&nbsp;</p>
<h4 style="text-align: center;">Manager</h4>
<h4 style="text-align: center;">Dr. Daniel Costache</h4>
</div>
</div>
</div>
</div>
</div>
</div>
