{"id":4535,"date":"2021-09-17T12:45:15","date_gmt":"2021-09-17T12:45:15","guid":{"rendered":"https:\/\/www.muzeubuzau.ro\/?post_type=event&amp;p=4535"},"modified":"2021-09-17T12:45:15","modified_gmt":"2021-09-17T12:45:15","slug":"cum-sa-cresti-impactul-organizatiei-prin-branding","status":"publish","type":"event","link":"https:\/\/muzeubuzau.ro\/en\/events\/cum-sa-cresti-impactul-organizatiei-prin-branding\/","title":{"rendered":"Cum s\u0103 cre\u0219ti impactul organiza\u021biei prin branding"},"content":{"rendered":"<div id=\"pl-4535\"  class=\"panel-layout\" >\n<div id=\"pg-4535-0\"  class=\"panel-grid panel-no-style\"  data-ratio=\"1\"  data-ratio-direction=\"right\" >\n<div id=\"pgc-4535-0-0\"  class=\"panel-grid-cell\"  data-weight=\"1\" >\n<div id=\"panel-4535-0-0-0\" class=\"so-panel widget widget_sow-editor panel-first-child panel-last-child\" data-index=\"0\" data-style=\"{&quot;background_image_attachment&quot;:false,&quot;background_display&quot;:&quot;tile&quot;}\" >\n<div class=\"so-widget-sow-editor so-widget-sow-editor-base\">\n<div class=\"siteorigin-widget-tinymce textwidget\">\n<h2 style=\"text-align: center;\">Comunicat de pres\u0103<\/h2>\n<p>&nbsp;<\/p>\n<p><strong>Muzeul Jude\u021bean Buz\u0103u \u0219i Funda\u021bia Comunitar\u0103 Buz\u0103u<\/strong> vor organiza <strong>s\u00e2mb\u0103t\u0103, 25 septembrie 2021<\/strong>, la sediul muzeului din str. <em>Aleea Castanilor<\/em>, nr. 1, mun. Buz\u0103u, workshopul \u201d<strong>Cum s\u0103 cre\u0219ti impactul organiza\u021biei prin branding<\/strong>\u201d. Atelierul va fi coordonat de specialistul \u00een branding <strong>Liviu Vasilescu<\/strong>.<\/p>\n<p>Workshopul se va desf\u0103\u0219ura \u00eentre orele <strong>13.30 &#8211; 17.30<\/strong> \u0219i este dedicat ONG-urilor \u0219i grupurilor de ini\u021biativ\u0103 buzoiene, urm\u0103rind cre\u0219terea capacit\u0103\u021bii \u0219i vizibilit\u0103\u021bii sectorului nonguvernamental.<\/p>\n<p>Accesul este gratuit,<strong> \u00een limita a 25 de locuri<\/strong>, iar participarea se va face cu respectarea regulilor \u00een vigoare pentru prevenirea contamin\u0103rii cu coronavirus<em>.<\/em><\/p>\n<p>Pentru \u00eenscrieri accesa\u021bi <a href=\"https:\/\/fb.me\/e\/GZOVfNTu\" target=\"_blank\" rel=\"noopener\">https:\/\/fb.me\/e\/GZOVfNTu<\/a><\/p>\n<\/div>\n<\/div>\n<\/div>\n<\/div>\n<\/div>\n<\/div>\n","protected":false},"featured_media":4537,"template":"","meta":{"site-sidebar-layout":"default","site-content-layout":"","ast-site-content-layout":"","site-content-style":"default","site-sidebar-style":"default","ast-global-header-display":"","ast-banner-title-visibility":"","ast-main-header-display":"","ast-hfb-above-header-display":"","ast-hfb-below-header-display":"","ast-hfb-mobile-header-display":"","site-post-title":"","ast-breadcrumbs-content":"","ast-featured-img":"","footer-sml-layout":"","theme-transparent-header-meta":"","adv-header-id-meta":"","stick-header-meta":"","header-above-stick-meta":"","header-main-stick-meta":"","header-below-stick-meta":"","astra-migrate-meta-layouts":"default","ast-page-background-enabled":"default","ast-page-background-meta":{"desktop":{"background-color":"var(--ast-global-color-4)","background-image":"","background-repeat":"repeat","background-position":"center center","background-size":"auto","background-attachment":"scroll","background-type":"","background-media":"","overlay-type":"","overlay-color":"","overlay-opacity":"","overlay-gradient":""},"tablet":{"background-color":"","background-image":"","background-repeat":"repeat","background-position":"center center","background-size":"auto","background-attachment":"scroll","background-type":"","background-media":"","overlay-type":"","overlay-color":"","overlay-opacity":"","overlay-gradient":""},"mobile":{"background-color":"","background-image":"","background-repeat":"repeat","background-position":"center center","background-size":"auto","background-attachment":"scroll","background-type":"","background-media":"","overlay-type":"","overlay-color":"","overlay-opacity":"","overlay-gradient":""}},"ast-content-background-meta":{"desktop":{"background-color":"var(--ast-global-color-5)","background-image":"","background-repeat":"repeat","background-position":"center center","background-size":"auto","background-attachment":"scroll","background-type":"","background-media":"","overlay-type":"","overlay-color":"","overlay-opacity":"","overlay-gradient":""},"tablet":{"background-color":"var(--ast-global-color-5)","background-image":"","background-repeat":"repeat","background-position":"center center","background-size":"auto","background-attachment":"scroll","background-type":"","background-media":"","overlay-type":"","overlay-color":"","overlay-opacity":"","overlay-gradient":""},"mobile":{"background-color":"var(--ast-global-color-5)","background-image":"","background-repeat":"repeat","background-position":"center center","background-size":"auto","background-attachment":"scroll","background-type":"","background-media":"","overlay-type":"","overlay-color":"","overlay-opacity":"","overlay-gradient":""}}},"class_list":["post-4535","event","type-event","status-publish","has-post-thumbnail","hentry"],"_links":{"self":[{"href":"https:\/\/muzeubuzau.ro\/en\/wp-json\/wp\/v2\/event\/4535"}],"collection":[{"href":"https:\/\/muzeubuzau.ro\/en\/wp-json\/wp\/v2\/event"}],"about":[{"href":"https:\/\/muzeubuzau.ro\/en\/wp-json\/wp\/v2\/types\/event"}],"wp:featuredmedia":[{"embeddable":true,"href":"https:\/\/muzeubuzau.ro\/en\/wp-json\/wp\/v2\/media\/4537"}],"wp:attachment":[{"href":"https:\/\/muzeubuzau.ro\/en\/wp-json\/wp\/v2\/media?parent=4535"}],"curies":[{"name":"wp","href":"https:\/\/api.w.org\/{rel}","templated":true}]}}

Cum să crești impactul organizației prin branding

<div id="pl-4535"  class="panel-layout" >
<div id="pg-4535-0"  class="panel-grid panel-no-style"  data-ratio="1"  data-ratio-direction="right" >
<div id="pgc-4535-0-0"  class="panel-grid-cell"  data-weight="1" >
<div id="panel-4535-0-0-0" class="so-panel widget widget_sow-editor panel-first-child panel-last-child" data-index="0" data-style="{&quot;background_image_attachment&quot;:false,&quot;background_display&quot;:&quot;tile&quot;}" >
<div class="so-widget-sow-editor so-widget-sow-editor-base">
<div class="siteorigin-widget-tinymce textwidget">
<h2 style="text-align: center;">Comunicat de presă</h2>
<p>&nbsp;</p>
<p><strong>Muzeul Județean Buzău și Fundația Comunitară Buzău</strong> vor organiza <strong>sâmbătă, 25 septembrie 2021</strong>, la sediul muzeului din str. <em>Aleea Castanilor</em>, nr. 1, mun. Buzău, workshopul ”<strong>Cum să crești impactul organizației prin branding</strong>”. Atelierul va fi coordonat de specialistul în branding <strong>Liviu Vasilescu</strong>.</p>
<p>Workshopul se va desfășura între orele <strong>13.30 &#8211; 17.30</strong> și este dedicat ONG-urilor și grupurilor de inițiativă buzoiene, urmărind creșterea capacității și vizibilității sectorului nonguvernamental.</p>
<p>Accesul este gratuit,<strong> în limita a 25 de locuri</strong>, iar participarea se va face cu respectarea regulilor în vigoare pentru prevenirea contaminării cu coronavirus<em>.</em></p>
<p>Pentru înscrieri accesați <a href="https://fb.me/e/GZOVfNTu" target="_blank" rel="noopener">https://fb.me/e/GZOVfNTu</a></p>
</div>
</div>
</div>
</div>
</div>
</div>
