{"id":4626,"date":"2021-12-10T15:16:47","date_gmt":"2021-12-10T15:16:47","guid":{"rendered":"https:\/\/www.muzeubuzau.ro\/?post_type=event&amp;p=4626"},"modified":"2021-12-10T15:16:47","modified_gmt":"2021-12-10T15:16:47","slug":"decernarea-premiilor-trofeului-dumitru-dan-editia-a-iii-a","status":"publish","type":"event","link":"https:\/\/muzeubuzau.ro\/en\/events\/decernarea-premiilor-trofeului-dumitru-dan-editia-a-iii-a\/","title":{"rendered":"Decernarea premiilor Trofeului Dumitru Dan, edi\u021bia a III-a"},"content":{"rendered":"<div id=\"pl-4626\"  class=\"panel-layout\" >\n<div id=\"pg-4626-0\"  class=\"panel-grid panel-no-style\"  data-ratio=\"1\"  data-ratio-direction=\"right\" >\n<div id=\"pgc-4626-0-0\"  class=\"panel-grid-cell\"  data-weight=\"1\" >\n<div id=\"panel-4626-0-0-0\" class=\"so-panel widget widget_sow-editor panel-first-child panel-last-child\" data-index=\"0\" data-style=\"{&quot;background_image_attachment&quot;:false,&quot;background_display&quot;:&quot;tile&quot;}\" >\n<div class=\"so-widget-sow-editor so-widget-sow-editor-base\">\n<div class=\"siteorigin-widget-tinymce textwidget\">\n<p><strong>Muzeul Jude\u021bean Buz\u0103u<\/strong>, institu\u021bie de cultur\u0103 \u0219i cercetare ce func\u021bioneaz\u0103 sub autoritatea <strong>Consiliului Jude\u021bean Buz\u0103u<\/strong>, \u00een parteneriat cu <strong>Asocia\u021bia Club Sportiv Penteleu<\/strong>, va organiza <strong>s\u00e2mb\u0103t\u0103, 11 decembrie 2021, ora 14:00<\/strong>, decernarea premiilor <strong>Trofeului Dumitru Dan, edi\u021bia a III-a<\/strong>. Dat fiind contextul pandemic actual, evenimentul va beneficia doar de prezen\u021ba organizatorilor, a cicli\u0219tilor de anduran\u021b\u0103 \u0219i a voluntarilor.<\/p>\n<p>Ini\u021biat \u00een 2019 la propunerea ciclistului <strong>Cristi M\u0103n\u0103il\u0103<\/strong>, evenimentul a reu\u0219it, pe parcursul a trei edi\u021bii, s\u0103 reuneasc\u0103 numero\u0219i sportivi din diverse zone ale \u021b\u0103rii. Anul acesta, \u00eentre 24 iulie \u0219i 15 august, Cristi M\u0103n\u0103il\u0103 a participat la cursa interna\u021bional\u0103 de ciclism de anduran\u021b\u0103 <strong>North Cape 4000 Edition IV<\/strong>, pe un traseu deschis la Rovereto, Italia, p\u00e2n\u0103 la Capul Nord, Norvegia, purt\u00e2nd sigla Trofeului Dumitru Dan \u0219i a Muzeului Jude\u021bean Buz\u0103u. Participarea sa la evenimentul interna\u021bional a urm\u0103rit de asemenea \u0219i promovarea unor valori buzoiene, motiv pentru care \u00eei mul\u021bumim.<\/p>\n<p>Finali\u0219tii edi\u021biei din acest an a <strong>Trofeului Dumitru Dan<\/strong> sunt: <em><strong>M\u0103n\u0103il\u0103 Cristian, Resceanu M\u0103d\u0103lin, Radu Cristian, Deac\u0103nu Vasile Viorel \u0219i Grigore Simona Iuliana<\/strong><\/em>.<\/p>\n<h3>Evenimentul va putea fi urm\u0103rit pe pagina Facebook \u2013 <a href=\"https:\/\/www.facebook.com\/people\/Dumitru-Dan-globe-trotter-Proiectul-Muzeului-Judetean-Buzau\/100063896792725\/\" target=\"_blank\" rel=\"noopener\">Dumitru Dan Globe-trotter sau Dumitru Dan globe-trotter -Proiectul Muzeului Judetean Buzau<\/a>.<\/h3>\n<p>&nbsp;<\/p>\n<h2 style=\"text-align: center;\">Manager dr. Daniel Costache<\/h2>\n<p>&nbsp;<\/p>\n<\/div>\n<\/div>\n<\/div>\n<\/div>\n<\/div>\n<\/div>\n","protected":false},"featured_media":4627,"template":"","meta":{"site-sidebar-layout":"default","site-content-layout":"","ast-site-content-layout":"","site-content-style":"default","site-sidebar-style":"default","ast-global-header-display":"","ast-banner-title-visibility":"","ast-main-header-display":"","ast-hfb-above-header-display":"","ast-hfb-below-header-display":"","ast-hfb-mobile-header-display":"","site-post-title":"","ast-breadcrumbs-content":"","ast-featured-img":"","footer-sml-layout":"","theme-transparent-header-meta":"","adv-header-id-meta":"","stick-header-meta":"","header-above-stick-meta":"","header-main-stick-meta":"","header-below-stick-meta":"","astra-migrate-meta-layouts":"default","ast-page-background-enabled":"default","ast-page-background-meta":{"desktop":{"background-color":"var(--ast-global-color-4)","background-image":"","background-repeat":"repeat","background-position":"center center","background-size":"auto","background-attachment":"scroll","background-type":"","background-media":"","overlay-type":"","overlay-color":"","overlay-opacity":"","overlay-gradient":""},"tablet":{"background-color":"","background-image":"","background-repeat":"repeat","background-position":"center center","background-size":"auto","background-attachment":"scroll","background-type":"","background-media":"","overlay-type":"","overlay-color":"","overlay-opacity":"","overlay-gradient":""},"mobile":{"background-color":"","background-image":"","background-repeat":"repeat","background-position":"center center","background-size":"auto","background-attachment":"scroll","background-type":"","background-media":"","overlay-type":"","overlay-color":"","overlay-opacity":"","overlay-gradient":""}},"ast-content-background-meta":{"desktop":{"background-color":"var(--ast-global-color-5)","background-image":"","background-repeat":"repeat","background-position":"center center","background-size":"auto","background-attachment":"scroll","background-type":"","background-media":"","overlay-type":"","overlay-color":"","overlay-opacity":"","overlay-gradient":""},"tablet":{"background-color":"var(--ast-global-color-5)","background-image":"","background-repeat":"repeat","background-position":"center center","background-size":"auto","background-attachment":"scroll","background-type":"","background-media":"","overlay-type":"","overlay-color":"","overlay-opacity":"","overlay-gradient":""},"mobile":{"background-color":"var(--ast-global-color-5)","background-image":"","background-repeat":"repeat","background-position":"center center","background-size":"auto","background-attachment":"scroll","background-type":"","background-media":"","overlay-type":"","overlay-color":"","overlay-opacity":"","overlay-gradient":""}}},"class_list":["post-4626","event","type-event","status-publish","has-post-thumbnail","hentry"],"_links":{"self":[{"href":"https:\/\/muzeubuzau.ro\/en\/wp-json\/wp\/v2\/event\/4626"}],"collection":[{"href":"https:\/\/muzeubuzau.ro\/en\/wp-json\/wp\/v2\/event"}],"about":[{"href":"https:\/\/muzeubuzau.ro\/en\/wp-json\/wp\/v2\/types\/event"}],"wp:featuredmedia":[{"embeddable":true,"href":"https:\/\/muzeubuzau.ro\/en\/wp-json\/wp\/v2\/media\/4627"}],"wp:attachment":[{"href":"https:\/\/muzeubuzau.ro\/en\/wp-json\/wp\/v2\/media?parent=4626"}],"curies":[{"name":"wp","href":"https:\/\/api.w.org\/{rel}","templated":true}]}}

Decernarea premiilor Trofeului Dumitru Dan, ediția a III-a

<div id="pl-4626"  class="panel-layout" >
<div id="pg-4626-0"  class="panel-grid panel-no-style"  data-ratio="1"  data-ratio-direction="right" >
<div id="pgc-4626-0-0"  class="panel-grid-cell"  data-weight="1" >
<div id="panel-4626-0-0-0" class="so-panel widget widget_sow-editor panel-first-child panel-last-child" data-index="0" data-style="{&quot;background_image_attachment&quot;:false,&quot;background_display&quot;:&quot;tile&quot;}" >
<div class="so-widget-sow-editor so-widget-sow-editor-base">
<div class="siteorigin-widget-tinymce textwidget">
<p><strong>Muzeul Județean Buzău</strong>, instituție de cultură și cercetare ce funcționează sub autoritatea <strong>Consiliului Județean Buzău</strong>, în parteneriat cu <strong>Asociația Club Sportiv Penteleu</strong>, va organiza <strong>sâmbătă, 11 decembrie 2021, ora 14:00</strong>, decernarea premiilor <strong>Trofeului Dumitru Dan, ediția a III-a</strong>. Dat fiind contextul pandemic actual, evenimentul va beneficia doar de prezența organizatorilor, a cicliștilor de anduranță și a voluntarilor.</p>
<p>Inițiat în 2019 la propunerea ciclistului <strong>Cristi Mănăilă</strong>, evenimentul a reușit, pe parcursul a trei ediții, să reunească numeroși sportivi din diverse zone ale țării. Anul acesta, între 24 iulie și 15 august, Cristi Mănăilă a participat la cursa internațională de ciclism de anduranță <strong>North Cape 4000 Edition IV</strong>, pe un traseu deschis la Rovereto, Italia, până la Capul Nord, Norvegia, purtând sigla Trofeului Dumitru Dan și a Muzeului Județean Buzău. Participarea sa la evenimentul internațional a urmărit de asemenea și promovarea unor valori buzoiene, motiv pentru care îi mulțumim.</p>
<p>Finaliștii ediției din acest an a <strong>Trofeului Dumitru Dan</strong> sunt: <em><strong>Mănăilă Cristian, Resceanu Mădălin, Radu Cristian, Deacănu Vasile Viorel și Grigore Simona Iuliana</strong></em>.</p>
<h3>Evenimentul va putea fi urmărit pe pagina Facebook – <a href="https://www.facebook.com/people/Dumitru-Dan-globe-trotter-Proiectul-Muzeului-Judetean-Buzau/100063896792725/" target="_blank" rel="noopener">Dumitru Dan Globe-trotter sau Dumitru Dan globe-trotter -Proiectul Muzeului Judetean Buzau</a>.</h3>
<p>&nbsp;</p>
<h2 style="text-align: center;">Manager dr. Daniel Costache</h2>
<p>&nbsp;</p>
</div>
</div>
</div>
</div>
</div>
</div>
