{"id":7536,"date":"2025-07-25T08:36:43","date_gmt":"2025-07-25T08:36:43","guid":{"rendered":"https:\/\/muzeubuzau.ro\/?post_type=event&#038;p=7536"},"modified":"2025-07-25T08:36:43","modified_gmt":"2025-07-25T08:36:43","slug":"mosteniri-colectionate-3","status":"publish","type":"event","link":"https:\/\/muzeubuzau.ro\/en\/events\/mosteniri-colectionate-3\/","title":{"rendered":"Mo\u0219teniri colec\u021bionate 3"},"content":{"rendered":"<p class=\"MsoNormal\" style=\"text-align: center;\" align=\"center\"><b><span lang=\"RO\" style=\"font-family: 'Times New Roman',serif; mso-ansi-language: RO;\">Comunicat de pres\u0103<\/span><\/b><span lang=\"RO\" style=\"font-family: 'Times New Roman',serif; mso-ansi-language: RO;\">\u00a0<\/span><\/p>\n<p class=\"MsoNormal\" style=\"margin-bottom: 0cm; text-align: justify; line-height: 150%;\"><span lang=\"RO\" style=\"font-family: 'Times New Roman',serif; mso-ansi-language: RO;\"><span style=\"mso-tab-count: 1;\">\u00a0\u00a0\u00a0\u00a0\u00a0\u00a0\u00a0\u00a0\u00a0\u00a0\u00a0 <\/span>Muzeul Jude\u021bean Buz\u0103u anun\u021b\u0103 vernisarea unei noi expozi\u021bii de colec\u021bionar, \u00een cadrul Programului <b><i>Mo\u0219teniri colec\u021bionate<\/i><\/b>, vineri, 01 august 2025, ora 13.00, la sediul din strada Aleea Castanilor, nr. 1, mun. Buz\u0103u.<\/span><\/p>\n<p class=\"MsoNormal\" style=\"margin-bottom: 0cm; text-align: justify; text-indent: 36.0pt; line-height: 150%;\"><span lang=\"RO\" style=\"font-family: 'Times New Roman',serif; mso-ansi-language: RO;\">Programul ini\u021biat \u00een anul 2024 reprezint\u0103 un demers dedicat valorific\u0103rii patrimoniului artistic din colec\u021bii private rom\u00e2ne\u0219ti, iar edi\u021bia din aceast\u0103 var\u0103 aduce \u00een prim-plan lucr\u0103ri din <b>colec\u021bia privat\u0103 a domnului Ionel Popa<\/b>, remarcabil colec\u021bionar buzoian \u0219i promotor al artei plastice rom\u00e2ne\u0219ti. Colec\u021bionarul a prins gustul acestei pasiuni prin intermediul lui Bucur Chiriac cu care a legat o prietenie str\u00e2ns\u0103 \u0219i care i-a intermediat multe dintre achizi\u021bii, oferindu-i chiar lucr\u0103ri de art\u0103 din colec\u021bia sa. El se \u00eenscrie \u00een seria pasiona\u021bilor de art\u0103 care au str\u00e2ns lucr\u0103ri \u00eentr-un timp \u00eendelungat, sus\u021bin\u00e2nd arti\u0219tii \u0219i actul creator al acestora. Ionel Popa este primul colec\u021bionar din jude\u021bul Buz\u0103u care a decis s\u0103 participe \u00een cadrul acestui proiect cultural al muzeului nostru. <\/span><\/p>\n<p class=\"MsoNormal\" style=\"margin-bottom: 0cm; text-align: justify; text-indent: 36.0pt; line-height: 150%;\"><span lang=\"RO\" style=\"font-family: 'Times New Roman',serif; mso-ansi-language: RO;\">Prin intermediul <b><i>Mo\u0219teniri<\/i><\/b>(lor) <b><i>colec\u021bionate<\/i><\/b> muzeul urm\u0103re\u0219te s\u0103 \u00eembog\u0103\u021beasc\u0103 experien\u021ba vizitatorilor, oferindu-le acces la lucr\u0103ri unice \u0219i povestiri fascinante legate de mo\u0219tenirea cultural\u0103 \u0219i istoric\u0103. Este, de asemenea, o oportunitate pentru colec\u021bionari de a colabora cu institu\u021biile culturale \u0219i de a contribui la p\u0103strarea \u0219i promovarea tradi\u021biilor, dar \u0219i de a cunoa\u0219te arti\u0219ti locali, afla\u021bi la \u00eenceput de carier\u0103, cu care pot dezvolta rela\u021bii de colaborare. Proiectul este parte a programului cultural al Muzeului Jude\u021bean Buz\u0103u \u0219i se \u00eenscrie \u00een direc\u021bia consolid\u0103rii rela\u021biei dintre institu\u021biile muzeale \u0219i colec\u021bionarii priva\u021bi \u2013 parteneri esen\u021biali \u00een p\u0103strarea memoriei culturale.<\/span><\/p>\n<p class=\"MsoNormal\" style=\"margin-bottom: 0cm; text-align: justify; text-indent: 36.0pt; line-height: 150%;\"><span lang=\"RO\" style=\"font-family: 'Times New Roman',serif; mso-ansi-language: RO;\">Expozi\u021bia urm\u0103re\u0219te s\u0103 sublinieze rolul important al colec\u021bionarului \u00een p\u0103strarea \u0219i promovarea patrimoniului cultural, oferind vizitatorilor o incursiune fascinant\u0103 \u00een universul crea\u021biei artistice rom\u00e2ne\u0219ti moderne \u0219i contemporane. Publicul va putea admira o selec\u021bie impresionant\u0103 de pictur\u0103 \u0219i grafic\u0103, multe dintre lucr\u0103ri fiind expuse \u00een premier\u0103 absolut\u0103. Vor fi etalate nume importante de arti\u0219ti din a doua jum\u0103tate a secolului al XX-lea, precum: Aurel Gheorghiu Cogealac, Vasile Grigore, Teodor Bogoi, Costin Neam\u021bu, Traian Br\u0103dean, Ion Irimescu, Marin Sorescu, Elena U\u021b\u0103 Chelaru, Gheorghe Vasile Siminiuc \u0219i al\u021bii.<\/span><\/p>\n<p class=\"MsoNormal\" style=\"margin-bottom: 0cm; text-align: justify; line-height: 150%;\"><span lang=\"RO\" style=\"font-family: 'Times New Roman',serif; mso-ansi-language: RO;\">\u00a0<\/span><\/p>\n<p class=\"MsoNormal\" style=\"margin-bottom: 0cm; text-align: center; line-height: 150%;\" align=\"center\"><b><span lang=\"RO\" style=\"font-family: 'Times New Roman',serif; mso-ansi-language: RO;\">V\u0103 a\u0219tept\u0103m cu drag s\u0103 descoperi\u021bi o mo\u0219tenire artistic\u0103 valoroas\u0103 \u0219i emo\u021bionant\u0103!<\/span><\/b><\/p>\n","protected":false},"featured_media":7537,"template":"","meta":{"site-sidebar-layout":"default","site-content-layout":"","ast-site-content-layout":"","site-content-style":"default","site-sidebar-style":"default","ast-global-header-display":"","ast-banner-title-visibility":"","ast-main-header-display":"","ast-hfb-above-header-display":"","ast-hfb-below-header-display":"","ast-hfb-mobile-header-display":"","site-post-title":"","ast-breadcrumbs-content":"","ast-featured-img":"","footer-sml-layout":"","theme-transparent-header-meta":"","adv-header-id-meta":"","stick-header-meta":"","header-above-stick-meta":"","header-main-stick-meta":"","header-below-stick-meta":"","astra-migrate-meta-layouts":"default","ast-page-background-enabled":"default","ast-page-background-meta":{"desktop":{"background-color":"var(--ast-global-color-4)","background-image":"","background-repeat":"repeat","background-position":"center center","background-size":"auto","background-attachment":"scroll","background-type":"","background-media":"","overlay-type":"","overlay-color":"","overlay-opacity":"","overlay-gradient":""},"tablet":{"background-color":"","background-image":"","background-repeat":"repeat","background-position":"center center","background-size":"auto","background-attachment":"scroll","background-type":"","background-media":"","overlay-type":"","overlay-color":"","overlay-opacity":"","overlay-gradient":""},"mobile":{"background-color":"","background-image":"","background-repeat":"repeat","background-position":"center center","background-size":"auto","background-attachment":"scroll","background-type":"","background-media":"","overlay-type":"","overlay-color":"","overlay-opacity":"","overlay-gradient":""}},"ast-content-background-meta":{"desktop":{"background-color":"var(--ast-global-color-5)","background-image":"","background-repeat":"repeat","background-position":"center center","background-size":"auto","background-attachment":"scroll","background-type":"","background-media":"","overlay-type":"","overlay-color":"","overlay-opacity":"","overlay-gradient":""},"tablet":{"background-color":"var(--ast-global-color-5)","background-image":"","background-repeat":"repeat","background-position":"center center","background-size":"auto","background-attachment":"scroll","background-type":"","background-media":"","overlay-type":"","overlay-color":"","overlay-opacity":"","overlay-gradient":""},"mobile":{"background-color":"var(--ast-global-color-5)","background-image":"","background-repeat":"repeat","background-position":"center center","background-size":"auto","background-attachment":"scroll","background-type":"","background-media":"","overlay-type":"","overlay-color":"","overlay-opacity":"","overlay-gradient":""}}},"class_list":["post-7536","event","type-event","status-publish","has-post-thumbnail","hentry"],"_links":{"self":[{"href":"https:\/\/muzeubuzau.ro\/en\/wp-json\/wp\/v2\/event\/7536"}],"collection":[{"href":"https:\/\/muzeubuzau.ro\/en\/wp-json\/wp\/v2\/event"}],"about":[{"href":"https:\/\/muzeubuzau.ro\/en\/wp-json\/wp\/v2\/types\/event"}],"wp:featuredmedia":[{"embeddable":true,"href":"https:\/\/muzeubuzau.ro\/en\/wp-json\/wp\/v2\/media\/7537"}],"wp:attachment":[{"href":"https:\/\/muzeubuzau.ro\/en\/wp-json\/wp\/v2\/media?parent=7536"}],"curies":[{"name":"wp","href":"https:\/\/api.w.org\/{rel}","templated":true}]}}

Moșteniri colecționate 3

<p class="MsoNormal" style="text-align: center;" align="center"><b><span lang="RO" style="font-family: 'Times New Roman',serif; mso-ansi-language: RO;">Comunicat de presă</span></b><span lang="RO" style="font-family: 'Times New Roman',serif; mso-ansi-language: RO;"> </span></p>
<p class="MsoNormal" style="margin-bottom: 0cm; text-align: justify; line-height: 150%;"><span lang="RO" style="font-family: 'Times New Roman',serif; mso-ansi-language: RO;"><span style="mso-tab-count: 1;">            </span>Muzeul Județean Buzău anunță vernisarea unei noi expoziții de colecționar, în cadrul Programului <b><i>Moșteniri colecționate</i></b>, vineri, 01 august 2025, ora 13.00, la sediul din strada Aleea Castanilor, nr. 1, mun. Buzău.</span></p>
<p class="MsoNormal" style="margin-bottom: 0cm; text-align: justify; text-indent: 36.0pt; line-height: 150%;"><span lang="RO" style="font-family: 'Times New Roman',serif; mso-ansi-language: RO;">Programul inițiat în anul 2024 reprezintă un demers dedicat valorificării patrimoniului artistic din colecții private românești, iar ediția din această vară aduce în prim-plan lucrări din <b>colecția privată a domnului Ionel Popa</b>, remarcabil colecționar buzoian și promotor al artei plastice românești. Colecționarul a prins gustul acestei pasiuni prin intermediul lui Bucur Chiriac cu care a legat o prietenie strânsă și care i-a intermediat multe dintre achiziții, oferindu-i chiar lucrări de artă din colecția sa. El se înscrie în seria pasionaților de artă care au strâns lucrări într-un timp îndelungat, susținând artiștii și actul creator al acestora. Ionel Popa este primul colecționar din județul Buzău care a decis să participe în cadrul acestui proiect cultural al muzeului nostru. </span></p>
<p class="MsoNormal" style="margin-bottom: 0cm; text-align: justify; text-indent: 36.0pt; line-height: 150%;"><span lang="RO" style="font-family: 'Times New Roman',serif; mso-ansi-language: RO;">Prin intermediul <b><i>Moșteniri</i></b>(lor) <b><i>colecționate</i></b> muzeul urmărește să îmbogățească experiența vizitatorilor, oferindu-le acces la lucrări unice și povestiri fascinante legate de moștenirea culturală și istorică. Este, de asemenea, o oportunitate pentru colecționari de a colabora cu instituțiile culturale și de a contribui la păstrarea și promovarea tradițiilor, dar și de a cunoaște artiști locali, aflați la început de carieră, cu care pot dezvolta relații de colaborare. Proiectul este parte a programului cultural al Muzeului Județean Buzău și se înscrie în direcția consolidării relației dintre instituțiile muzeale și colecționarii privați – parteneri esențiali în păstrarea memoriei culturale.</span></p>
<p class="MsoNormal" style="margin-bottom: 0cm; text-align: justify; text-indent: 36.0pt; line-height: 150%;"><span lang="RO" style="font-family: 'Times New Roman',serif; mso-ansi-language: RO;">Expoziția urmărește să sublinieze rolul important al colecționarului în păstrarea și promovarea patrimoniului cultural, oferind vizitatorilor o incursiune fascinantă în universul creației artistice românești moderne și contemporane. Publicul va putea admira o selecție impresionantă de pictură și grafică, multe dintre lucrări fiind expuse în premieră absolută. Vor fi etalate nume importante de artiști din a doua jumătate a secolului al XX-lea, precum: Aurel Gheorghiu Cogealac, Vasile Grigore, Teodor Bogoi, Costin Neamțu, Traian Brădean, Ion Irimescu, Marin Sorescu, Elena Uță Chelaru, Gheorghe Vasile Siminiuc și alții.</span></p>
<p class="MsoNormal" style="margin-bottom: 0cm; text-align: justify; line-height: 150%;"><span lang="RO" style="font-family: 'Times New Roman',serif; mso-ansi-language: RO;"> </span></p>
<p class="MsoNormal" style="margin-bottom: 0cm; text-align: center; line-height: 150%;" align="center"><b><span lang="RO" style="font-family: 'Times New Roman',serif; mso-ansi-language: RO;">Vă așteptăm cu drag să descoperiți o moștenire artistică valoroasă și emoționantă!</span></b></p>
