{"id":7573,"date":"2025-12-04T13:30:40","date_gmt":"2025-12-04T13:30:40","guid":{"rendered":"https:\/\/muzeubuzau.ro\/?post_type=event&#038;p=7573"},"modified":"2025-12-04T13:30:40","modified_gmt":"2025-12-04T13:30:40","slug":"copilaria-lui-chopin-magia-craciunului","status":"publish","type":"event","link":"https:\/\/muzeubuzau.ro\/en\/events\/copilaria-lui-chopin-magia-craciunului\/","title":{"rendered":"\u201eCopil\u0103ria lui Chopin, Magia Cr\u0103ciunului\u201d"},"content":{"rendered":"\n<p><br><p class=\"MsoNormal\" style=\"margin-bottom:0cm;margin-top:0cm;\nmso-margin-bottom-alt:8.0pt;mso-margin-top-alt:0cm;mso-add-space:auto;\ntext-align:center;line-height:150%\" align=\"center\"><b><span lang=\"RO\" style=\"font-size:14.0pt;\nline-height:150%;mso-bidi-font-family:Calibri;mso-bidi-theme-font:minor-latin;\nmso-ansi-language:RO\">Institutul Polonez aduce la Buz\u0103u <i>Copil\u0103ria lui Chopin, Magia Cr\u0103ciunului<\/i> &#8211; Dou\u0103 spectacole gratuite pentru copii, pe 13 decembrie 2025<\/span><\/b><\/p><p class=\"MsoNormal\" style=\"margin-bottom:0cm;margin-bottom:0cm;margin-top:0cm;\nmso-margin-bottom-alt:8.0pt;mso-margin-top-alt:0cm;mso-add-space:auto;\ntext-align:justify;text-indent:1.0cm;line-height:150%\"><b><span lang=\"RO\" style=\"font-size:14.0pt;line-height:150%;mso-bidi-font-family:Calibri;\nmso-bidi-theme-font:minor-latin;mso-ansi-language:RO\">\u00a0<\/span><\/b><\/p><p class=\"MsoNormal\" style=\"margin-bottom:0cm;margin-bottom:0cm;margin-top:0cm;\nmso-margin-bottom-alt:8.0pt;mso-margin-top-alt:0cm;mso-add-space:auto;\ntext-align:justify;text-indent:1.0cm;line-height:150%\"><b><span lang=\"RO\" style=\"mso-bidi-font-family:Calibri;mso-bidi-theme-font:minor-latin;mso-ansi-language:\nRO\">Institutul Polonez<\/span><\/b><span lang=\"RO\" style=\"mso-bidi-font-family:\nCalibri;mso-bidi-theme-font:minor-latin;mso-ansi-language:RO\"> din Bucure\u0219ti, \u00een parteneriat cu Muzeul Jude\u021bean Buz\u0103u, are pl\u0103cerea de a invita publicul din Buz\u0103u la <b>dou\u0103 reprezenta\u021bii<\/b> speciale ale spectacolului <b>\u201eCopil\u0103ria lui Chopin, Magia Cr\u0103ciunului\u201d<\/b>, dedicate atmosferei s\u0103rb\u0103torilor de iarn\u0103. <\/span><\/p><p class=\"MsoNormal\" style=\"margin-bottom:0cm;margin-bottom:0cm;margin-top:0cm;\nmso-margin-bottom-alt:8.0pt;mso-margin-top-alt:0cm;mso-add-space:auto;\ntext-align:justify;text-indent:1.0cm;line-height:150%\"><span lang=\"RO\" style=\"mso-bidi-font-family:Calibri;mso-bidi-theme-font:minor-latin;mso-ansi-language:\nRO\">Evenimentele vor avea loc <b>s\u00e2mb\u0103t\u0103, 13 decembrie, la Centrul Muzeal \u201eI. C. Br\u0103tianu\u201d<\/b> (bd. Nicolae B\u0103lcescu, nr. 40, mun. Buz\u0103u), de la <b>orele 10:00 \u0219i 11:30<\/b>. <\/span><\/p><p class=\"MsoNormal\" style=\"margin-bottom:0cm;margin-bottom:0cm;margin-top:0cm;\nmso-margin-bottom-alt:8.0pt;mso-margin-top-alt:0cm;mso-add-space:auto;\ntext-align:justify;text-indent:1.0cm;line-height:150%\"><b><span lang=\"RO\" style=\"mso-bidi-font-family:Calibri;mso-bidi-theme-font:minor-latin;mso-ansi-language:\nRO\">Intrarea este liber\u0103<\/span><\/b><span lang=\"RO\" style=\"mso-bidi-font-family:\nCalibri;mso-bidi-theme-font:minor-latin;mso-ansi-language:RO\">, \u00een limita locurilor disponibile, pe baza \u00eenscrierii prealabile la num\u0103rul de telefon: <b>0772 255 131<\/b>.<\/span><\/p><p class=\"MsoNormal\" style=\"margin-bottom:0cm;margin-bottom:0cm;margin-top:0cm;\nmso-margin-bottom-alt:8.0pt;mso-margin-top-alt:0cm;mso-add-space:auto;\ntext-align:justify;text-indent:1.0cm;line-height:150%\"><span lang=\"RO\" style=\"mso-bidi-font-family:Calibri;mso-bidi-theme-font:minor-latin;mso-ansi-language:\nRO\">Spectacolul face parte dintr-un amplu proiect educa\u021bional compus din 14 spectacole de teatru \u0219i muzic\u0103, concepute pentru copiii cu v\u00e2rste cuprinse \u00eentre 4 \u0219i 14 ani. De-a lungul unui deceniu, aceste produc\u021bii au cucerit publicul t\u00e2n\u0103r, fiind prezentate constant pe scena prestigiosului Teatru Odeon din Bucure\u0219ti, \u00een cadrul programului <b>Clasic e Fantastic<\/b>,<b> proiect distins acum trei ani la Gala UNITER cu <i>Premiul special pentru valoarea sa educativ\u0103<\/i>.<\/b><\/span><\/p><p class=\"MsoNormal\" style=\"margin-bottom:0cm;margin-bottom:0cm;margin-top:0cm;\nmso-margin-bottom-alt:8.0pt;mso-margin-top-alt:0cm;mso-add-space:auto;\ntext-align:justify;text-indent:1.0cm;line-height:150%\"><b><span lang=\"RO\" style=\"mso-bidi-font-family:Calibri;mso-bidi-theme-font:minor-latin;mso-ansi-language:\nRO\">Prin muzic\u0103 clasic\u0103 live, coregrafie, teatru \u0219i arta anima\u021biei<\/span><\/b><span lang=\"RO\" style=\"mso-bidi-font-family:Calibri;mso-bidi-theme-font:minor-latin;\nmso-ansi-language:RO\">, copiii sunt invita\u021bi \u00eentr-un univers \u00een care magia Cr\u0103ciunului \u00eent\u00e2lne\u0219te <b>sensibilitatea copil\u0103riei lui Fr\u00e9d\u00e9ric Chopin<\/b>, \u00eentr-o poveste luminoas\u0103, interactiv\u0103 \u0219i profund artistic\u0103.<\/span><\/p><p class=\"MsoNormal\" style=\"margin-bottom:0cm;margin-bottom:0cm;margin-top:0cm;\nmso-margin-bottom-alt:8.0pt;mso-margin-top-alt:0cm;mso-add-space:auto;\ntext-align:justify;line-height:150%\"><b><span lang=\"RO\" style=\"mso-bidi-font-family:\nCalibri;mso-bidi-theme-font:minor-latin;mso-ansi-language:RO\">Distribu\u021bia:<\/span><\/b><\/p><p class=\"MsoNormal\" style=\"margin-bottom:0cm;margin-bottom:0cm;margin-top:0cm;\nmso-margin-bottom-alt:8.0pt;mso-margin-top-alt:0cm;mso-add-space:auto;\ntext-align:justify;line-height:150%\"><span lang=\"RO\" style=\"mso-bidi-font-family:\nCalibri;mso-bidi-theme-font:minor-latin;mso-ansi-language:RO\">Sic\u0103: <b>Ioana<br>Mihalcea<\/b><\/span><\/p><p class=\"MsoNormal\" style=\"margin-bottom:0cm;margin-bottom:0cm;margin-top:0cm;\nmso-margin-bottom-alt:8.0pt;mso-margin-top-alt:0cm;mso-add-space:auto;\ntext-align:justify;line-height:150%\"><span lang=\"RO\" style=\"mso-bidi-font-family:\nCalibri;mso-bidi-theme-font:minor-latin;mso-ansi-language:RO\">Ric\u0103: <b>Selina<br>Colceru<\/b><\/span><\/p><p class=\"MsoNormal\" style=\"margin-bottom:0cm;margin-bottom:0cm;margin-top:0cm;\nmso-margin-bottom-alt:8.0pt;mso-margin-top-alt:0cm;mso-add-space:auto;\ntext-align:justify;line-height:150%\"><span lang=\"RO\" style=\"mso-bidi-font-family:\nCalibri;mso-bidi-theme-font:minor-latin;mso-ansi-language:RO\">Lola: <b>Monica<br>Ciut\u0103<\/b><\/span><\/p><p class=\"MsoNormal\" style=\"margin-bottom:0cm;margin-bottom:0cm;margin-top:0cm;\nmso-margin-bottom-alt:8.0pt;mso-margin-top-alt:0cm;mso-add-space:auto;\ntext-align:justify;line-height:150%\"><span lang=\"RO\" style=\"mso-bidi-font-family:\nCalibri;mso-bidi-theme-font:minor-latin;mso-ansi-language:RO\">Sol: <b>Alexandru<br>Unguru<\/b><\/span><\/p><p class=\"MsoNormal\" style=\"margin-bottom:0cm;margin-bottom:0cm;margin-top:0cm;\nmso-margin-bottom-alt:8.0pt;mso-margin-top-alt:0cm;mso-add-space:auto;\ntext-align:justify;line-height:150%\"><span lang=\"RO\" style=\"mso-bidi-font-family:\nCalibri;mso-bidi-theme-font:minor-latin;mso-ansi-language:RO\">Fr\u00e9d\u00e9ric Chopin \u2013<br>p\u0103pu\u0219a: <b>Valeria Cristia<\/b><\/span><\/p><p class=\"MsoNormal\" style=\"margin-bottom:0cm;margin-bottom:0cm;margin-top:0cm;\nmso-margin-bottom-alt:8.0pt;mso-margin-top-alt:0cm;mso-add-space:auto;\ntext-align:justify;line-height:150%\"><span lang=\"RO\" style=\"mso-bidi-font-family:\nCalibri;mso-bidi-theme-font:minor-latin;mso-ansi-language:RO\">Maestrul Petipa: <b>Filip<br>Ristovski<\/b><\/span><\/p><p class=\"MsoNormal\" style=\"margin-bottom:0cm;margin-bottom:0cm;margin-top:0cm;\nmso-margin-bottom-alt:8.0pt;mso-margin-top-alt:0cm;mso-add-space:auto;\nline-height:150%\"><span lang=\"RO\" style=\"mso-bidi-font-family:Calibri;mso-bidi-theme-font:\nminor-latin;mso-ansi-language:RO\">Pian: <b>Raluca Ouatu<\/b><br>Coregrafia: <b>Selina Colceru<\/b><br>Concep\u021bia p\u0103pu\u0219ilor: <b>Aurelia B\u0103dulescu<\/b><br>Decorul \u0219i costumele: <b>Valeria Cristia<\/b> \u0219i <b>S\u00e2nziana Tar\u021ba<\/b><br>Regia: <b>Monica Ciut\u0103<\/b><br>Scenariu: <b>Cristina S\u00e2rbu<\/b> \u0219i <b>Ana S\u00e2rbu<\/b><\/span><\/p><p class=\"MsoNormal\" style=\"margin-bottom:0cm;margin-bottom:0cm;margin-top:0cm;\nmso-margin-bottom-alt:8.0pt;mso-margin-top-alt:0cm;mso-add-space:auto;\ntext-align:justify;text-indent:1.0cm;line-height:150%\"><span lang=\"RO\" style=\"mso-bidi-font-family:Calibri;mso-bidi-theme-font:minor-latin;mso-ansi-language:\nRO\">Evenimentul este organizat de Institutul Polonez din Bucure\u0219ti, \u00een parteneriat cu Muzeul Jude\u021bean Buz\u0103u, \u00een cadrul demersurilor de a aduce publicului t\u00e2n\u0103r <b>experien\u021be culturale educative<\/b>, \u00eentr-o form\u0103 atractiv\u0103 \u0219i inspirat\u0103.<\/span><\/p><p class=\"MsoNormal\" style=\"margin-bottom:0cm;margin-bottom:0cm;margin-top:0cm;\nmso-margin-bottom-alt:8.0pt;mso-margin-top-alt:0cm;mso-add-space:auto;\ntext-align:justify;text-indent:1.0cm;line-height:150%\"><span lang=\"RO\" style=\"mso-bidi-font-family:Calibri;mso-bidi-theme-font:minor-latin;mso-ansi-language:\nRO\">V\u0103 invit\u0103m s\u0103 celebra\u021bi frumuse\u021bea s\u0103rb\u0103torilor printr-o \u00eent\u00e2lnire memorabil\u0103 cu muzica, povestea \u0219i magia copil\u0103riei!<\/span><\/p><\/p>\n","protected":false},"featured_media":7574,"template":"","meta":{"site-sidebar-layout":"default","site-content-layout":"","ast-site-content-layout":"","site-content-style":"default","site-sidebar-style":"default","ast-global-header-display":"","ast-banner-title-visibility":"","ast-main-header-display":"","ast-hfb-above-header-display":"","ast-hfb-below-header-display":"","ast-hfb-mobile-header-display":"","site-post-title":"","ast-breadcrumbs-content":"","ast-featured-img":"","footer-sml-layout":"","theme-transparent-header-meta":"","adv-header-id-meta":"","stick-header-meta":"","header-above-stick-meta":"","header-main-stick-meta":"","header-below-stick-meta":"","astra-migrate-meta-layouts":"default","ast-page-background-enabled":"default","ast-page-background-meta":{"desktop":{"background-color":"var(--ast-global-color-4)","background-image":"","background-repeat":"repeat","background-position":"center center","background-size":"auto","background-attachment":"scroll","background-type":"","background-media":"","overlay-type":"","overlay-color":"","overlay-opacity":"","overlay-gradient":""},"tablet":{"background-color":"","background-image":"","background-repeat":"repeat","background-position":"center center","background-size":"auto","background-attachment":"scroll","background-type":"","background-media":"","overlay-type":"","overlay-color":"","overlay-opacity":"","overlay-gradient":""},"mobile":{"background-color":"","background-image":"","background-repeat":"repeat","background-position":"center center","background-size":"auto","background-attachment":"scroll","background-type":"","background-media":"","overlay-type":"","overlay-color":"","overlay-opacity":"","overlay-gradient":""}},"ast-content-background-meta":{"desktop":{"background-color":"var(--ast-global-color-5)","background-image":"","background-repeat":"repeat","background-position":"center center","background-size":"auto","background-attachment":"scroll","background-type":"","background-media":"","overlay-type":"","overlay-color":"","overlay-opacity":"","overlay-gradient":""},"tablet":{"background-color":"var(--ast-global-color-5)","background-image":"","background-repeat":"repeat","background-position":"center center","background-size":"auto","background-attachment":"scroll","background-type":"","background-media":"","overlay-type":"","overlay-color":"","overlay-opacity":"","overlay-gradient":""},"mobile":{"background-color":"var(--ast-global-color-5)","background-image":"","background-repeat":"repeat","background-position":"center center","background-size":"auto","background-attachment":"scroll","background-type":"","background-media":"","overlay-type":"","overlay-color":"","overlay-opacity":"","overlay-gradient":""}}},"class_list":["post-7573","event","type-event","status-publish","has-post-thumbnail","hentry"],"_links":{"self":[{"href":"https:\/\/muzeubuzau.ro\/en\/wp-json\/wp\/v2\/event\/7573"}],"collection":[{"href":"https:\/\/muzeubuzau.ro\/en\/wp-json\/wp\/v2\/event"}],"about":[{"href":"https:\/\/muzeubuzau.ro\/en\/wp-json\/wp\/v2\/types\/event"}],"wp:featuredmedia":[{"embeddable":true,"href":"https:\/\/muzeubuzau.ro\/en\/wp-json\/wp\/v2\/media\/7574"}],"wp:attachment":[{"href":"https:\/\/muzeubuzau.ro\/en\/wp-json\/wp\/v2\/media?parent=7573"}],"curies":[{"name":"wp","href":"https:\/\/api.w.org\/{rel}","templated":true}]}}

„Copilăria lui Chopin, Magia Crăciunului”

<p><br><p class="MsoNormal" style="margin-bottom:0cm;margin-top:0cm;
mso-margin-bottom-alt:8.0pt;mso-margin-top-alt:0cm;mso-add-space:auto;
text-align:center;line-height:150%" align="center"><b><span lang="RO" style="font-size:14.0pt;
line-height:150%;mso-bidi-font-family:Calibri;mso-bidi-theme-font:minor-latin;
mso-ansi-language:RO">Institutul Polonez aduce la Buzău <i>Copilăria lui Chopin, Magia Crăciunului</i> &#8211; Două spectacole gratuite pentru copii, pe 13 decembrie 2025</span></b></p><p class="MsoNormal" style="margin-bottom:0cm;margin-bottom:0cm;margin-top:0cm;
mso-margin-bottom-alt:8.0pt;mso-margin-top-alt:0cm;mso-add-space:auto;
text-align:justify;text-indent:1.0cm;line-height:150%"><b><span lang="RO" style="font-size:14.0pt;line-height:150%;mso-bidi-font-family:Calibri;
mso-bidi-theme-font:minor-latin;mso-ansi-language:RO"> </span></b></p><p class="MsoNormal" style="margin-bottom:0cm;margin-bottom:0cm;margin-top:0cm;
mso-margin-bottom-alt:8.0pt;mso-margin-top-alt:0cm;mso-add-space:auto;
text-align:justify;text-indent:1.0cm;line-height:150%"><b><span lang="RO" style="mso-bidi-font-family:Calibri;mso-bidi-theme-font:minor-latin;mso-ansi-language:
RO">Institutul Polonez</span></b><span lang="RO" style="mso-bidi-font-family:
Calibri;mso-bidi-theme-font:minor-latin;mso-ansi-language:RO"> din București, în parteneriat cu Muzeul Județean Buzău, are plăcerea de a invita publicul din Buzău la <b>două reprezentații</b> speciale ale spectacolului <b>„Copilăria lui Chopin, Magia Crăciunului”</b>, dedicate atmosferei sărbătorilor de iarnă. </span></p><p class="MsoNormal" style="margin-bottom:0cm;margin-bottom:0cm;margin-top:0cm;
mso-margin-bottom-alt:8.0pt;mso-margin-top-alt:0cm;mso-add-space:auto;
text-align:justify;text-indent:1.0cm;line-height:150%"><span lang="RO" style="mso-bidi-font-family:Calibri;mso-bidi-theme-font:minor-latin;mso-ansi-language:
RO">Evenimentele vor avea loc <b>sâmbătă, 13 decembrie, la Centrul Muzeal „I. C. Brătianu”</b> (bd. Nicolae Bălcescu, nr. 40, mun. Buzău), de la <b>orele 10:00 și 11:30</b>. </span></p><p class="MsoNormal" style="margin-bottom:0cm;margin-bottom:0cm;margin-top:0cm;
mso-margin-bottom-alt:8.0pt;mso-margin-top-alt:0cm;mso-add-space:auto;
text-align:justify;text-indent:1.0cm;line-height:150%"><b><span lang="RO" style="mso-bidi-font-family:Calibri;mso-bidi-theme-font:minor-latin;mso-ansi-language:
RO">Intrarea este liberă</span></b><span lang="RO" style="mso-bidi-font-family:
Calibri;mso-bidi-theme-font:minor-latin;mso-ansi-language:RO">, în limita locurilor disponibile, pe baza înscrierii prealabile la numărul de telefon: <b>0772 255 131</b>.</span></p><p class="MsoNormal" style="margin-bottom:0cm;margin-bottom:0cm;margin-top:0cm;
mso-margin-bottom-alt:8.0pt;mso-margin-top-alt:0cm;mso-add-space:auto;
text-align:justify;text-indent:1.0cm;line-height:150%"><span lang="RO" style="mso-bidi-font-family:Calibri;mso-bidi-theme-font:minor-latin;mso-ansi-language:
RO">Spectacolul face parte dintr-un amplu proiect educațional compus din 14 spectacole de teatru și muzică, concepute pentru copiii cu vârste cuprinse între 4 și 14 ani. De-a lungul unui deceniu, aceste producții au cucerit publicul tânăr, fiind prezentate constant pe scena prestigiosului Teatru Odeon din București, în cadrul programului <b>Clasic e Fantastic</b>,<b> proiect distins acum trei ani la Gala UNITER cu <i>Premiul special pentru valoarea sa educativă</i>.</b></span></p><p class="MsoNormal" style="margin-bottom:0cm;margin-bottom:0cm;margin-top:0cm;
mso-margin-bottom-alt:8.0pt;mso-margin-top-alt:0cm;mso-add-space:auto;
text-align:justify;text-indent:1.0cm;line-height:150%"><b><span lang="RO" style="mso-bidi-font-family:Calibri;mso-bidi-theme-font:minor-latin;mso-ansi-language:
RO">Prin muzică clasică live, coregrafie, teatru și arta animației</span></b><span lang="RO" style="mso-bidi-font-family:Calibri;mso-bidi-theme-font:minor-latin;
mso-ansi-language:RO">, copiii sunt invitați într-un univers în care magia Crăciunului întâlnește <b>sensibilitatea copilăriei lui Frédéric Chopin</b>, într-o poveste luminoasă, interactivă și profund artistică.</span></p><p class="MsoNormal" style="margin-bottom:0cm;margin-bottom:0cm;margin-top:0cm;
mso-margin-bottom-alt:8.0pt;mso-margin-top-alt:0cm;mso-add-space:auto;
text-align:justify;line-height:150%"><b><span lang="RO" style="mso-bidi-font-family:
Calibri;mso-bidi-theme-font:minor-latin;mso-ansi-language:RO">Distribuția:</span></b></p><p class="MsoNormal" style="margin-bottom:0cm;margin-bottom:0cm;margin-top:0cm;
mso-margin-bottom-alt:8.0pt;mso-margin-top-alt:0cm;mso-add-space:auto;
text-align:justify;line-height:150%"><span lang="RO" style="mso-bidi-font-family:
Calibri;mso-bidi-theme-font:minor-latin;mso-ansi-language:RO">Sică: <b>Ioana<br>Mihalcea</b></span></p><p class="MsoNormal" style="margin-bottom:0cm;margin-bottom:0cm;margin-top:0cm;
mso-margin-bottom-alt:8.0pt;mso-margin-top-alt:0cm;mso-add-space:auto;
text-align:justify;line-height:150%"><span lang="RO" style="mso-bidi-font-family:
Calibri;mso-bidi-theme-font:minor-latin;mso-ansi-language:RO">Rică: <b>Selina<br>Colceru</b></span></p><p class="MsoNormal" style="margin-bottom:0cm;margin-bottom:0cm;margin-top:0cm;
mso-margin-bottom-alt:8.0pt;mso-margin-top-alt:0cm;mso-add-space:auto;
text-align:justify;line-height:150%"><span lang="RO" style="mso-bidi-font-family:
Calibri;mso-bidi-theme-font:minor-latin;mso-ansi-language:RO">Lola: <b>Monica<br>Ciută</b></span></p><p class="MsoNormal" style="margin-bottom:0cm;margin-bottom:0cm;margin-top:0cm;
mso-margin-bottom-alt:8.0pt;mso-margin-top-alt:0cm;mso-add-space:auto;
text-align:justify;line-height:150%"><span lang="RO" style="mso-bidi-font-family:
Calibri;mso-bidi-theme-font:minor-latin;mso-ansi-language:RO">Sol: <b>Alexandru<br>Unguru</b></span></p><p class="MsoNormal" style="margin-bottom:0cm;margin-bottom:0cm;margin-top:0cm;
mso-margin-bottom-alt:8.0pt;mso-margin-top-alt:0cm;mso-add-space:auto;
text-align:justify;line-height:150%"><span lang="RO" style="mso-bidi-font-family:
Calibri;mso-bidi-theme-font:minor-latin;mso-ansi-language:RO">Frédéric Chopin –<br>păpușa: <b>Valeria Cristia</b></span></p><p class="MsoNormal" style="margin-bottom:0cm;margin-bottom:0cm;margin-top:0cm;
mso-margin-bottom-alt:8.0pt;mso-margin-top-alt:0cm;mso-add-space:auto;
text-align:justify;line-height:150%"><span lang="RO" style="mso-bidi-font-family:
Calibri;mso-bidi-theme-font:minor-latin;mso-ansi-language:RO">Maestrul Petipa: <b>Filip<br>Ristovski</b></span></p><p class="MsoNormal" style="margin-bottom:0cm;margin-bottom:0cm;margin-top:0cm;
mso-margin-bottom-alt:8.0pt;mso-margin-top-alt:0cm;mso-add-space:auto;
line-height:150%"><span lang="RO" style="mso-bidi-font-family:Calibri;mso-bidi-theme-font:
minor-latin;mso-ansi-language:RO">Pian: <b>Raluca Ouatu</b><br>Coregrafia: <b>Selina Colceru</b><br>Concepția păpușilor: <b>Aurelia Bădulescu</b><br>Decorul și costumele: <b>Valeria Cristia</b> și <b>Sânziana Tarța</b><br>Regia: <b>Monica Ciută</b><br>Scenariu: <b>Cristina Sârbu</b> și <b>Ana Sârbu</b></span></p><p class="MsoNormal" style="margin-bottom:0cm;margin-bottom:0cm;margin-top:0cm;
mso-margin-bottom-alt:8.0pt;mso-margin-top-alt:0cm;mso-add-space:auto;
text-align:justify;text-indent:1.0cm;line-height:150%"><span lang="RO" style="mso-bidi-font-family:Calibri;mso-bidi-theme-font:minor-latin;mso-ansi-language:
RO">Evenimentul este organizat de Institutul Polonez din București, în parteneriat cu Muzeul Județean Buzău, în cadrul demersurilor de a aduce publicului tânăr <b>experiențe culturale educative</b>, într-o formă atractivă și inspirată.</span></p><p class="MsoNormal" style="margin-bottom:0cm;margin-bottom:0cm;margin-top:0cm;
mso-margin-bottom-alt:8.0pt;mso-margin-top-alt:0cm;mso-add-space:auto;
text-align:justify;text-indent:1.0cm;line-height:150%"><span lang="RO" style="mso-bidi-font-family:Calibri;mso-bidi-theme-font:minor-latin;mso-ansi-language:
RO">Vă invităm să celebrați frumusețea sărbătorilor printr-o întâlnire memorabilă cu muzica, povestea și magia copilăriei!</span></p></p>
