{"id":7597,"date":"2026-02-04T10:38:13","date_gmt":"2026-02-04T10:38:13","guid":{"rendered":"https:\/\/muzeubuzau.ro\/?post_type=event&#038;p=7597"},"modified":"2026-02-04T10:39:28","modified_gmt":"2026-02-04T10:39:28","slug":"keeping-the-exhibition-alive-editia-a-viii-a","status":"publish","type":"event","link":"https:\/\/muzeubuzau.ro\/en\/events\/keeping-the-exhibition-alive-editia-a-viii-a\/","title":{"rendered":"\u201eKeeping the Exhibition Alive\u201d, edi\u021bia a VIII-a"},"content":{"rendered":"<p class=\"MsoNormal\" style=\"margin-bottom: 0cm; text-align: center; line-height: 150%;\" align=\"center\"><b><span lang=\"RO\" style=\"font-size: 12.0pt; line-height: 150%; font-family: 'Times New Roman',serif;\">COMUNICAT DE PRES\u0102<\/span><\/b><\/p>\n<p class=\"MsoNormal\" style=\"margin-bottom: 0cm; text-align: center; line-height: 150%;\" align=\"center\"><span lang=\"RO\" style=\"font-size: 12.0pt; line-height: 150%; font-family: 'Times New Roman',serif;\">\u201eKeeping the Exhibition Alive\u201d, edi\u021bia a VIII-a <\/span><\/p>\n<p class=\"MsoNormal\" style=\"margin-bottom: 0cm; text-align: center; line-height: 150%;\" align=\"center\"><span lang=\"RO\" style=\"font-size: 12.0pt; line-height: 150%; font-family: 'Times New Roman',serif;\">muzica readuce publicul \u00een spa\u021biile muzeal<\/span><\/p>\n<p class=\"MsoNormal\" style=\"margin-bottom: 0cm; text-align: center; line-height: 150%;\" align=\"center\">\n<p class=\"MsoNormal\" style=\"margin-bottom: 0cm; text-align: center; line-height: 150%;\" align=\"center\">\n<p class=\"has-text-align-center\">\n<p class=\"MsoNormal\" style=\"margin-bottom: 0cm; text-align: justify; text-indent: 36.0pt; line-height: 150%;\"><span lang=\"RO\" style=\"font-size: 12.0pt; line-height: 150%; font-family: 'Times New Roman',serif;\">Muzeul Jude\u021bean Buz\u0103u, institu\u021bie de cultur\u0103, art\u0103 \u0219i cercetare aflat\u0103 sub autoritatea Consiliului Jude\u021bean Buz\u0103u, organizeaz\u0103, \u00een parteneriat cu Liceul de Arte \u201eMargareta Sterian\u201d, programul de concerte <b>\u201eKeeping the Exhibition Alive\u201d<\/b>, ajuns \u00een anul 2026 la edi\u021bia a VIII-a.<\/span><\/p>\n<p class=\"has-text-align-center\">\n<p class=\"MsoNormal\" style=\"margin-bottom: 0cm; text-align: justify; line-height: 150%;\"><span lang=\"RO\" style=\"font-size: 12.0pt; line-height: 150%; font-family: 'Times New Roman',serif;\">Ini\u021biat \u00een 2018 de Muzeul Jude\u021bean Buz\u0103u, proiectul propune sus\u021binerea lunar\u0103 a unor recitaluri \u0219i concerte de muzic\u0103 clasic\u0103, de camer\u0103 \u0219i muzic\u0103 u\u0219oar\u0103, interpretate de Orchestra Liceului de Arte \u201eMargareta Sterian\u201d, \u00een spa\u021biile muzeului. Programul urm\u0103re\u0219te, pe de o parte, atragerea iubitorilor de muzic\u0103 \u00een mediul muzeal, \u00eentr-un cadru prietenos \u0219i confortabil, iar pe de alt\u0103 parte, sprijinirea elevilor-arti\u0219ti prin oferirea unei oportunit\u0103\u021bi constante de a performa \u00een fa\u021ba publicului \u0219i de a-\u0219i valorifica munca de studiu \u00een spa\u021biul comunit\u0103\u021bii buzoiene.<\/span><\/p>\n<p class=\"has-text-align-center\">\n<p class=\"MsoNormal\" style=\"margin-bottom: 0cm; text-align: justify; text-indent: 36.0pt; line-height: 150%;\"><span lang=\"RO\" style=\"font-size: 12.0pt; line-height: 150%; font-family: 'Times New Roman',serif;\">Primul recital din cadrul edi\u021biei a VIII-a va avea loc vineri, 13 februarie 2026, de la ora 12:00, la Centrul Muzeal \u201eI. C. Br\u0103tianu\u201d. <\/span><\/p>\n<p class=\"has-text-align-center\">\n<p class=\"MsoNormal\" style=\"margin-bottom: 0cm; text-align: justify; text-indent: 36.0pt; line-height: 150%;\"><span lang=\"RO\" style=\"font-size: 12.0pt; line-height: 150%; font-family: 'Times New Roman',serif;\">Accesul publicului este gratuit, \u00een limita locurilor disponibile.<\/p>\n<p><\/span><\/p>\n<p class=\"has-text-align-center\" style=\"text-align: center;\"><span lang=\"RO\" style=\"font-size: 12.0pt; line-height: 150%; font-family: 'Times New Roman',serif;\">V\u0103 a\u0219tept\u0103m la muzeu!<\/span><br \/>\n<b><span lang=\"RO\" style=\"font-size: 12.0pt; line-height: 107%; font-family: 'Times New Roman',serif; mso-fareast-font-family: Calibri; mso-fareast-theme-font: minor-latin; mso-ansi-language: RO; mso-fareast-language: EN-US; mso-bidi-language: AR-SA;\">Muzeul Jude\u021bean Buz\u0103u<\/span><\/b><span lang=\"RO\" style=\"font-size: 12.0pt; line-height: 107%; font-family: 'Times New Roman',serif; mso-fareast-font-family: Calibri; mso-fareast-theme-font: minor-latin; mso-ansi-language: RO; mso-fareast-language: EN-US; mso-bidi-language: AR-SA;\"><br \/>\nManager, <b>dr. Daniel Costache<\/b><\/span><\/p>\n","protected":false},"featured_media":7598,"template":"","meta":{"site-sidebar-layout":"default","site-content-layout":"","ast-site-content-layout":"","site-content-style":"default","site-sidebar-style":"default","ast-global-header-display":"","ast-banner-title-visibility":"","ast-main-header-display":"","ast-hfb-above-header-display":"","ast-hfb-below-header-display":"","ast-hfb-mobile-header-display":"","site-post-title":"","ast-breadcrumbs-content":"","ast-featured-img":"","footer-sml-layout":"","theme-transparent-header-meta":"","adv-header-id-meta":"","stick-header-meta":"","header-above-stick-meta":"","header-main-stick-meta":"","header-below-stick-meta":"","astra-migrate-meta-layouts":"default","ast-page-background-enabled":"default","ast-page-background-meta":{"desktop":{"background-color":"var(--ast-global-color-4)","background-image":"","background-repeat":"repeat","background-position":"center center","background-size":"auto","background-attachment":"scroll","background-type":"","background-media":"","overlay-type":"","overlay-color":"","overlay-opacity":"","overlay-gradient":""},"tablet":{"background-color":"","background-image":"","background-repeat":"repeat","background-position":"center center","background-size":"auto","background-attachment":"scroll","background-type":"","background-media":"","overlay-type":"","overlay-color":"","overlay-opacity":"","overlay-gradient":""},"mobile":{"background-color":"","background-image":"","background-repeat":"repeat","background-position":"center center","background-size":"auto","background-attachment":"scroll","background-type":"","background-media":"","overlay-type":"","overlay-color":"","overlay-opacity":"","overlay-gradient":""}},"ast-content-background-meta":{"desktop":{"background-color":"var(--ast-global-color-5)","background-image":"","background-repeat":"repeat","background-position":"center center","background-size":"auto","background-attachment":"scroll","background-type":"","background-media":"","overlay-type":"","overlay-color":"","overlay-opacity":"","overlay-gradient":""},"tablet":{"background-color":"var(--ast-global-color-5)","background-image":"","background-repeat":"repeat","background-position":"center center","background-size":"auto","background-attachment":"scroll","background-type":"","background-media":"","overlay-type":"","overlay-color":"","overlay-opacity":"","overlay-gradient":""},"mobile":{"background-color":"var(--ast-global-color-5)","background-image":"","background-repeat":"repeat","background-position":"center center","background-size":"auto","background-attachment":"scroll","background-type":"","background-media":"","overlay-type":"","overlay-color":"","overlay-opacity":"","overlay-gradient":""}}},"class_list":["post-7597","event","type-event","status-publish","has-post-thumbnail","hentry"],"_links":{"self":[{"href":"https:\/\/muzeubuzau.ro\/en\/wp-json\/wp\/v2\/event\/7597"}],"collection":[{"href":"https:\/\/muzeubuzau.ro\/en\/wp-json\/wp\/v2\/event"}],"about":[{"href":"https:\/\/muzeubuzau.ro\/en\/wp-json\/wp\/v2\/types\/event"}],"wp:featuredmedia":[{"embeddable":true,"href":"https:\/\/muzeubuzau.ro\/en\/wp-json\/wp\/v2\/media\/7598"}],"wp:attachment":[{"href":"https:\/\/muzeubuzau.ro\/en\/wp-json\/wp\/v2\/media?parent=7597"}],"curies":[{"name":"wp","href":"https:\/\/api.w.org\/{rel}","templated":true}]}}

„Keeping the Exhibition Alive”, ediția a VIII-a

<p class="MsoNormal" style="margin-bottom: 0cm; text-align: center; line-height: 150%;" align="center"><b><span lang="RO" style="font-size: 12.0pt; line-height: 150%; font-family: 'Times New Roman',serif;">COMUNICAT DE PRESĂ</span></b></p>
<p class="MsoNormal" style="margin-bottom: 0cm; text-align: center; line-height: 150%;" align="center"><span lang="RO" style="font-size: 12.0pt; line-height: 150%; font-family: 'Times New Roman',serif;">„Keeping the Exhibition Alive”, ediția a VIII-a </span></p>
<p class="MsoNormal" style="margin-bottom: 0cm; text-align: center; line-height: 150%;" align="center"><span lang="RO" style="font-size: 12.0pt; line-height: 150%; font-family: 'Times New Roman',serif;">muzica readuce publicul în spațiile muzeal</span></p>
<p class="MsoNormal" style="margin-bottom: 0cm; text-align: center; line-height: 150%;" align="center">
<p class="MsoNormal" style="margin-bottom: 0cm; text-align: center; line-height: 150%;" align="center">
<p class="has-text-align-center">
<p class="MsoNormal" style="margin-bottom: 0cm; text-align: justify; text-indent: 36.0pt; line-height: 150%;"><span lang="RO" style="font-size: 12.0pt; line-height: 150%; font-family: 'Times New Roman',serif;">Muzeul Județean Buzău, instituție de cultură, artă și cercetare aflată sub autoritatea Consiliului Județean Buzău, organizează, în parteneriat cu Liceul de Arte „Margareta Sterian”, programul de concerte <b>„Keeping the Exhibition Alive”</b>, ajuns în anul 2026 la ediția a VIII-a.</span></p>
<p class="has-text-align-center">
<p class="MsoNormal" style="margin-bottom: 0cm; text-align: justify; line-height: 150%;"><span lang="RO" style="font-size: 12.0pt; line-height: 150%; font-family: 'Times New Roman',serif;">Inițiat în 2018 de Muzeul Județean Buzău, proiectul propune susținerea lunară a unor recitaluri și concerte de muzică clasică, de cameră și muzică ușoară, interpretate de Orchestra Liceului de Arte „Margareta Sterian”, în spațiile muzeului. Programul urmărește, pe de o parte, atragerea iubitorilor de muzică în mediul muzeal, într-un cadru prietenos și confortabil, iar pe de altă parte, sprijinirea elevilor-artiști prin oferirea unei oportunități constante de a performa în fața publicului și de a-și valorifica munca de studiu în spațiul comunității buzoiene.</span></p>
<p class="has-text-align-center">
<p class="MsoNormal" style="margin-bottom: 0cm; text-align: justify; text-indent: 36.0pt; line-height: 150%;"><span lang="RO" style="font-size: 12.0pt; line-height: 150%; font-family: 'Times New Roman',serif;">Primul recital din cadrul ediției a VIII-a va avea loc vineri, 13 februarie 2026, de la ora 12:00, la Centrul Muzeal „I. C. Brătianu”. </span></p>
<p class="has-text-align-center">
<p class="MsoNormal" style="margin-bottom: 0cm; text-align: justify; text-indent: 36.0pt; line-height: 150%;"><span lang="RO" style="font-size: 12.0pt; line-height: 150%; font-family: 'Times New Roman',serif;">Accesul publicului este gratuit, în limita locurilor disponibile.</p>
<p></span></p>
<p class="has-text-align-center" style="text-align: center;"><span lang="RO" style="font-size: 12.0pt; line-height: 150%; font-family: 'Times New Roman',serif;">Vă așteptăm la muzeu!</span><br />
<b><span lang="RO" style="font-size: 12.0pt; line-height: 107%; font-family: 'Times New Roman',serif; mso-fareast-font-family: Calibri; mso-fareast-theme-font: minor-latin; mso-ansi-language: RO; mso-fareast-language: EN-US; mso-bidi-language: AR-SA;">Muzeul Județean Buzău</span></b><span lang="RO" style="font-size: 12.0pt; line-height: 107%; font-family: 'Times New Roman',serif; mso-fareast-font-family: Calibri; mso-fareast-theme-font: minor-latin; mso-ansi-language: RO; mso-fareast-language: EN-US; mso-bidi-language: AR-SA;"><br />
Manager, <b>dr. Daniel Costache</b></span></p>
